Last updated on 2025-11-04 11:52:34 CET.
| Flavor | Version | Tinstall | Tcheck | Ttotal | Status | Flags | 
|---|---|---|---|---|---|---|
| r-devel-linux-x86_64-debian-clang | 0.1.0 | 1.97 | 30.74 | 32.71 | NOTE | |
| r-devel-linux-x86_64-debian-gcc | 0.1.0 | 1.59 | 24.96 | 26.55 | NOTE | |
| r-devel-linux-x86_64-fedora-clang | 0.1.0 | 50.02 | NOTE | |||
| r-devel-linux-x86_64-fedora-gcc | 0.1.0 | 60.58 | NOTE | |||
| r-devel-windows-x86_64 | 0.1.0 | 4.00 | 55.00 | 59.00 | NOTE | |
| r-patched-linux-x86_64 | 0.1.0 | 1.89 | 28.82 | 30.71 | NOTE | |
| r-release-linux-x86_64 | 0.1.0 | 1.82 | 28.75 | 30.57 | NOTE | |
| r-release-macos-arm64 | 0.1.0 | 2.00 | 67.00 | 69.00 | NOTE | |
| r-release-macos-x86_64 | 0.1.0 | 2.00 | 50.00 | 52.00 | NOTE | |
| r-release-windows-x86_64 | 0.1.0 | 4.00 | 54.00 | 58.00 | NOTE | |
| r-oldrel-macos-arm64 | 0.1.0 | 1.00 | 24.00 | 25.00 | OK | |
| r-oldrel-macos-x86_64 | 0.1.0 | 2.00 | 36.00 | 38.00 | OK | |
| r-oldrel-windows-x86_64 | 0.1.0 | 5.00 | 60.00 | 65.00 | OK | 
Version: 0.1.0
Check: DESCRIPTION meta-information
Result: NOTE
    Missing dependency on R >= 4.1.0 because package code uses the pipe
    |> or function shorthand \(...) syntax added in R 4.1.0.
    File(s) using such syntax:
      ‘list_bind.R’
Flavors: r-devel-linux-x86_64-debian-clang, r-devel-linux-x86_64-debian-gcc, r-devel-linux-x86_64-fedora-clang, r-devel-linux-x86_64-fedora-gcc, r-devel-windows-x86_64, r-patched-linux-x86_64, r-release-linux-x86_64, r-release-macos-arm64, r-release-macos-x86_64, r-release-windows-x86_64