Last updated on 2025-11-04 05:51:15 CET.
| Flavor | Version | Tinstall | Tcheck | Ttotal | Status | Flags | 
|---|---|---|---|---|---|---|
| r-devel-linux-x86_64-debian-clang | 1.3.0 | 10.39 | 97.46 | 107.85 | OK | |
| r-devel-linux-x86_64-debian-gcc | 1.3.0 | 7.19 | 68.86 | 76.05 | OK | |
| r-devel-linux-x86_64-fedora-clang | 1.3.0 | 43.00 | 129.42 | 172.42 | OK | |
| r-devel-linux-x86_64-fedora-gcc | 1.3.0 | 21.00 | 151.48 | 172.48 | OK | |
| r-devel-windows-x86_64 | 1.3.0 | 12.00 | 103.00 | 115.00 | OK | |
| r-patched-linux-x86_64 | 1.3.0 | 8.82 | 92.53 | 101.35 | OK | |
| r-release-linux-x86_64 | 1.3.0 | 9.92 | 92.59 | 102.51 | OK | |
| r-release-macos-arm64 | 1.3.0 | 4.00 | 43.00 | 47.00 | OK | |
| r-release-macos-x86_64 | 1.3.0 | 6.00 | 79.00 | 85.00 | OK | |
| r-release-windows-x86_64 | 1.3.0 | 11.00 | 103.00 | 114.00 | OK | |
| r-oldrel-macos-arm64 | 1.3.0 | 4.00 | 45.00 | 49.00 | NOTE | |
| r-oldrel-macos-x86_64 | 1.3.0 | 11.00 | 113.00 | 124.00 | NOTE | |
| r-oldrel-windows-x86_64 | 1.3.0 | 17.00 | 133.00 | 150.00 | NOTE | 
Version: 1.3.0
Check: LazyData
Result: NOTE
    'LazyData' is specified without a 'data' directory
Flavors: r-oldrel-macos-arm64, r-oldrel-macos-x86_64, r-oldrel-windows-x86_64