CRAN Package Check Results for Package lineupjs

Last updated on 2025-05-21 18:49:56 CEST.

Flavor Version Tinstall Tcheck Ttotal Status Flags
r-devel-linux-x86_64-debian-clang 4.6.0 2.11 26.76 28.87 NOTE
r-devel-linux-x86_64-debian-gcc 4.6.0 1.76 21.90 23.66 NOTE
r-devel-linux-x86_64-fedora-clang 4.6.0 43.88 NOTE
r-devel-linux-x86_64-fedora-gcc 4.6.0 55.48 NOTE
r-devel-windows-x86_64 4.6.0 4.00 59.00 63.00 NOTE
r-patched-linux-x86_64 4.6.0 2.30 24.65 26.95 NOTE
r-release-linux-x86_64 4.6.0 1.91 24.33 26.24 NOTE
r-release-macos-arm64 4.6.0 30.00 NOTE
r-release-macos-x86_64 4.6.0 43.00 NOTE
r-release-windows-x86_64 4.6.0 4.00 56.00 60.00 NOTE
r-oldrel-macos-arm64 4.6.0 26.00 OK
r-oldrel-macos-x86_64 4.6.0 44.00 OK
r-oldrel-windows-x86_64 4.6.0 4.00 53.00 57.00 OK

Check Details

Version: 4.6.0
Check: DESCRIPTION meta-information
Result: NOTE Missing dependency on R >= 4.1.0 because package code uses the pipe |> or function shorthand \(...) syntax added in R 4.1.0. File(s) using such syntax: ‘lineup-shiny.Rd’ ‘taggle-shiny.Rd’ Flavors: r-devel-linux-x86_64-debian-clang, r-devel-linux-x86_64-debian-gcc, r-devel-linux-x86_64-fedora-clang, r-devel-linux-x86_64-fedora-gcc, r-devel-windows-x86_64, r-patched-linux-x86_64, r-release-linux-x86_64, r-release-macos-arm64, r-release-macos-x86_64, r-release-windows-x86_64

mirror server hosted at Truenetwork, Russian Federation.