Last updated on 2025-02-21 17:50:45 CET.
Flavor | Version | Tinstall | Tcheck | Ttotal | Status | Flags |
---|---|---|---|---|---|---|
r-devel-linux-x86_64-debian-clang | 0.1.2 | 21.82 | 27.55 | 49.37 | OK | |
r-devel-linux-x86_64-debian-gcc | 0.1.2 | 14.58 | 22.27 | 36.85 | OK | |
r-devel-linux-x86_64-fedora-clang | 0.1.2 | 94.71 | OK | |||
r-devel-linux-x86_64-fedora-gcc | 0.1.2 | 97.85 | OK | |||
r-devel-macos-arm64 | 0.1.2 | 43.00 | OK | |||
r-devel-macos-x86_64 | 0.1.2 | 90.00 | OK | |||
r-devel-windows-x86_64 | 0.1.2 | 27.00 | 67.00 | 94.00 | OK | |
r-patched-linux-x86_64 | 0.1.2 | 19.99 | 26.56 | 46.55 | NOTE | |
r-release-linux-x86_64 | 0.1.2 | 20.86 | 26.56 | 47.42 | NOTE | |
r-release-macos-arm64 | 0.1.2 | 47.00 | NOTE | |||
r-release-macos-x86_64 | 0.1.2 | 92.00 | NOTE | |||
r-release-windows-x86_64 | 0.1.2 | 28.00 | 68.00 | 96.00 | NOTE | |
r-oldrel-macos-x86_64 | 0.1.2 | 82.00 | NOTE | |||
r-oldrel-windows-x86_64 | 0.1.2 | 33.00 | 81.00 | 114.00 | NOTE |
Version: 0.1.2
Check: for GNU extensions in Makefiles
Result: NOTE
GNU make is a SystemRequirements.
Flavors: r-patched-linux-x86_64, r-release-linux-x86_64, r-release-macos-arm64, r-release-macos-x86_64, r-release-windows-x86_64, r-oldrel-macos-x86_64, r-oldrel-windows-x86_64