Last updated on 2025-07-12 18:49:44 CEST.
Flavor | Version | Tinstall | Tcheck | Ttotal | Status | Flags |
---|---|---|---|---|---|---|
r-devel-linux-x86_64-debian-clang | 3.1.9-4 | 13.32 | 19.13 | 32.45 | OK | |
r-devel-linux-x86_64-debian-gcc | 3.1.9-4 | 10.87 | 16.08 | 26.95 | OK | |
r-devel-linux-x86_64-fedora-clang | 3.1.9-4 | 56.79 | OK | |||
r-devel-linux-x86_64-fedora-gcc | 3.1.9-4 | 53.40 | OK | |||
r-devel-windows-x86_64 | 3.1.9-4 | 35.00 | 39.00 | 74.00 | OK | |
r-patched-linux-x86_64 | 3.1.9-4 | 14.65 | 16.40 | 31.05 | OK | |
r-release-macos-arm64 | 3.1.9-1 | 20.00 | OK | |||
r-release-macos-x86_64 | 3.1.9-4 | 51.00 | OK | |||
r-release-windows-x86_64 | 3.1.9-4 | 45.00 | 36.00 | 81.00 | OK | |
r-oldrel-macos-arm64 | 3.1.9-1 | 27.00 | NOTE | |||
r-oldrel-macos-x86_64 | 3.1.9-4 | 42.00 | NOTE | |||
r-oldrel-windows-x86_64 | 3.1.9-4 | 44.00 | 39.00 | 83.00 | NOTE |
Version: 3.1.9-1
Check: for GNU extensions in Makefiles
Result: NOTE
GNU make is a SystemRequirements.
Flavor: r-oldrel-macos-arm64
Version: 3.1.9-4
Check: for GNU extensions in Makefiles
Result: NOTE
GNU make is a SystemRequirements.
Flavors: r-oldrel-macos-x86_64, r-oldrel-windows-x86_64