Last updated on 2025-05-23 12:49:31 CEST.
Flavor | Version | Tinstall | Tcheck | Ttotal | Status | Flags |
---|---|---|---|---|---|---|
r-devel-linux-x86_64-debian-clang | 0.0.9 | 14.03 | 44.53 | 58.56 | OK | |
r-devel-linux-x86_64-debian-gcc | 0.0.9 | 9.06 | 34.06 | 43.12 | OK | |
r-devel-linux-x86_64-fedora-clang | 0.0.9 | 89.71 | OK | |||
r-devel-linux-x86_64-fedora-gcc | 0.0.9 | 86.11 | OK | |||
r-devel-windows-x86_64 | 0.0.9 | 14.00 | 77.00 | 91.00 | OK | |
r-patched-linux-x86_64 | 0.0.9 | 12.71 | 40.06 | 52.77 | OK | |
r-release-linux-x86_64 | 0.0.9 | 12.51 | 39.94 | 52.45 | OK | |
r-release-macos-arm64 | 0.0.9 | 29.00 | OK | |||
r-release-macos-x86_64 | 0.0.9 | 58.00 | OK | |||
r-release-windows-x86_64 | 0.0.9 | 14.00 | 103.00 | 117.00 | OK | |
r-oldrel-macos-arm64 | 0.0.9 | 29.00 | OK | |||
r-oldrel-macos-x86_64 | 0.0.9 | 78.00 | OK | |||
r-oldrel-windows-x86_64 | 0.0.9 | 15.00 | 84.00 | 99.00 | NOTE |
Version: 0.0.9
Check: package dependencies
Result: NOTE
Package suggested but not available for checking: 'rsyslog'
Flavor: r-oldrel-windows-x86_64