Last updated on 2025-05-23 06:49:54 CEST.
Flavor | Version | Tinstall | Tcheck | Ttotal | Status | Flags |
---|---|---|---|---|---|---|
r-devel-linux-x86_64-debian-clang | 1.1.4 | 4.80 | 78.60 | 83.40 | NOTE | |
r-devel-linux-x86_64-debian-gcc | 1.1.4 | 3.39 | 70.01 | 73.40 | NOTE | |
r-devel-linux-x86_64-fedora-clang | 1.1.4 | 116.70 | NOTE | |||
r-devel-linux-x86_64-fedora-gcc | 1.1.4 | 127.56 | NOTE | |||
r-devel-windows-x86_64 | 1.1.4 | 8.00 | 442.00 | 450.00 | NOTE | |
r-patched-linux-x86_64 | 1.1.4 | 4.47 | 75.75 | 80.22 | NOTE | |
r-release-linux-x86_64 | 1.1.4 | 4.72 | 74.96 | 79.68 | NOTE | |
r-release-macos-arm64 | 1.1.4 | 162.00 | NOTE | |||
r-release-macos-x86_64 | 1.1.4 | 185.00 | NOTE | |||
r-release-windows-x86_64 | 1.1.4 | 7.00 | 159.00 | 166.00 | NOTE | |
r-oldrel-macos-arm64 | 1.1.4 | 152.00 | OK | |||
r-oldrel-macos-x86_64 | 1.1.4 | 172.00 | OK | |||
r-oldrel-windows-x86_64 | 1.1.4 | 8.00 | 161.00 | 169.00 | OK |
Version: 1.1.4
Check: DESCRIPTION meta-information
Result: NOTE
Missing dependency on R >= 4.1.0 because package code uses the pipe
|> or function shorthand \(...) syntax added in R 4.1.0.
File(s) using such syntax:
‘grab_crosswalk.R’ ‘lehdr.R’
Flavors: r-devel-linux-x86_64-debian-clang, r-devel-linux-x86_64-debian-gcc, r-devel-linux-x86_64-fedora-clang, r-devel-linux-x86_64-fedora-gcc, r-devel-windows-x86_64, r-patched-linux-x86_64, r-release-linux-x86_64, r-release-macos-arm64, r-release-macos-x86_64, r-release-windows-x86_64