CRAN Package Check Results for Package leaftime

Last updated on 2025-05-28 00:49:05 CEST.

Flavor Version Tinstall Tcheck Ttotal Status Flags
r-devel-linux-x86_64-debian-clang 0.2.0 2.54 23.83 26.37 OK
r-devel-linux-x86_64-debian-gcc 0.2.0 1.91 19.13 21.04 OK
r-devel-linux-x86_64-fedora-clang 0.2.0 41.02 OK
r-devel-linux-x86_64-fedora-gcc 0.2.0 40.69 OK
r-devel-windows-x86_64 0.2.0 4.00 45.00 49.00 OK
r-patched-linux-x86_64 0.2.0 1.93 22.04 23.97 OK
r-release-linux-x86_64 0.2.0 2.22 22.23 24.45 OK
r-release-macos-arm64 0.2.0 21.00 OK
r-release-macos-x86_64 0.2.0 26.00 OK
r-release-windows-x86_64 0.2.0 4.00 46.00 50.00 OK
r-oldrel-macos-arm64 0.2.0 17.00 NOTE
r-oldrel-macos-x86_64 0.2.0 24.00 NOTE
r-oldrel-windows-x86_64 0.2.0 5.00 48.00 53.00 NOTE

Check Details

Version: 0.2.0
Check: LazyData
Result: NOTE 'LazyData' is specified without a 'data' directory Flavors: r-oldrel-macos-arm64, r-oldrel-macos-x86_64, r-oldrel-windows-x86_64

mirror server hosted at Truenetwork, Russian Federation.