CRAN Package Check Results for Package leafpm

Last updated on 2025-05-22 06:51:49 CEST.

Flavor Version Tinstall Tcheck Ttotal Status Flags
r-devel-linux-x86_64-debian-clang 0.1.0 1.54 19.78 21.32 NOTE
r-devel-linux-x86_64-debian-gcc 0.1.0 1.49 16.44 17.93 NOTE
r-devel-linux-x86_64-fedora-clang 0.1.0 33.19 NOTE
r-devel-linux-x86_64-fedora-gcc 0.1.0 30.82 NOTE
r-devel-windows-x86_64 0.1.0 4.00 52.00 56.00 OK
r-patched-linux-x86_64 0.1.0 1.98 18.18 20.16 OK
r-release-linux-x86_64 0.1.0 1.88 18.14 20.02 OK
r-release-macos-arm64 0.1.0 20.00 OK
r-release-macos-x86_64 0.1.0 24.00 OK
r-release-windows-x86_64 0.1.0 4.00 42.00 46.00 OK
r-oldrel-macos-arm64 0.1.0 15.00 NOTE
r-oldrel-macos-x86_64 0.1.0 22.00 NOTE
r-oldrel-windows-x86_64 0.1.0 4.00 45.00 49.00 NOTE

Check Details

Version: 0.1.0
Check: CRAN incoming feasibility
Result: NOTE Maintainer: ‘Kenton Russell <kent.russell@timelyportfolio.com>’ Found the following (possibly) invalid file URI: URI: CODE_OF_CONDUCT.md From: README.md Flavors: r-devel-linux-x86_64-debian-clang, r-devel-linux-x86_64-debian-gcc

Version: 0.1.0
Check: dependencies in R code
Result: NOTE Namespaces in Imports field not imported from: ‘dplyr’ ‘htmlwidgets’ ‘jsonlite’ ‘sf’ All declared Imports should be used. Flavors: r-devel-linux-x86_64-fedora-clang, r-devel-linux-x86_64-fedora-gcc

Version: 0.1.0
Check: LazyData
Result: NOTE 'LazyData' is specified without a 'data' directory Flavors: r-oldrel-macos-arm64, r-oldrel-macos-x86_64, r-oldrel-windows-x86_64

mirror server hosted at Truenetwork, Russian Federation.