Last updated on 2025-11-04 05:51:15 CET.
| Flavor | Version | Tinstall | Tcheck | Ttotal | Status | Flags | 
|---|---|---|---|---|---|---|
| r-devel-linux-x86_64-debian-clang | 1.2.1 | 2.47 | 32.74 | 35.21 | NOTE | |
| r-devel-linux-x86_64-debian-gcc | 1.2.1 | 2.16 | 24.73 | 26.89 | NOTE | |
| r-devel-linux-x86_64-fedora-clang | 1.2.1 | 16.00 | 39.06 | 55.06 | NOTE | |
| r-devel-linux-x86_64-fedora-gcc | 1.2.1 | 49.99 | NOTE | |||
| r-devel-windows-x86_64 | 1.2.1 | 7.00 | 51.00 | 58.00 | NOTE | |
| r-patched-linux-x86_64 | 1.2.1 | 2.67 | 29.86 | 32.53 | NOTE | |
| r-release-linux-x86_64 | 1.2.1 | 2.42 | 29.84 | 32.26 | NOTE | |
| r-release-macos-arm64 | 1.2.1 | 2.00 | 18.00 | 20.00 | NOTE | |
| r-release-macos-x86_64 | 1.2.1 | 2.00 | 31.00 | 33.00 | NOTE | |
| r-release-windows-x86_64 | 1.2.1 | 8.00 | 48.00 | 56.00 | NOTE | |
| r-oldrel-macos-arm64 | 1.2.1 | 2.00 | 18.00 | 20.00 | OK | |
| r-oldrel-macos-x86_64 | 1.2.1 | 2.00 | 27.00 | 29.00 | OK | |
| r-oldrel-windows-x86_64 | 1.2.1 | 10.00 | 58.00 | 68.00 | OK | 
Version: 1.2.1
Check: DESCRIPTION meta-information
Result: NOTE
    Missing dependency on R >= 4.1.0 because package code uses the pipe
    |> or function shorthand \(...) syntax added in R 4.1.0.
    File(s) using such syntax:
      ‘legendSymbols.Rd’
Flavors: r-devel-linux-x86_64-debian-clang, r-devel-linux-x86_64-debian-gcc, r-devel-linux-x86_64-fedora-clang, r-devel-linux-x86_64-fedora-gcc, r-devel-windows-x86_64, r-patched-linux-x86_64, r-release-linux-x86_64, r-release-macos-arm64, r-release-macos-x86_64, r-release-windows-x86_64