Last updated on 2025-11-04 11:52:34 CET.
| Flavor | Version | Tinstall | Tcheck | Ttotal | Status | Flags | 
|---|---|---|---|---|---|---|
| r-devel-linux-x86_64-debian-clang | 0.3.5 | 27.51 | 253.60 | 281.11 | NOTE | |
| r-devel-linux-x86_64-debian-gcc | 0.3.5 | 17.20 | 158.57 | 175.77 | NOTE | |
| r-devel-linux-x86_64-fedora-clang | 0.3.5 | 141.00 | 341.27 | 482.27 | NOTE | |
| r-devel-linux-x86_64-fedora-gcc | 0.3.5 | 62.00 | 371.21 | 433.21 | NOTE | |
| r-devel-windows-x86_64 | 0.3.5 | 26.00 | 198.00 | 224.00 | NOTE | |
| r-patched-linux-x86_64 | 0.3.5 | 25.36 | 243.91 | 269.27 | NOTE | |
| r-release-linux-x86_64 | 0.3.5 | 25.54 | 239.95 | 265.49 | NOTE | |
| r-release-macos-arm64 | 0.3.5 | 12.00 | 91.00 | 103.00 | NOTE | |
| r-release-macos-x86_64 | 0.3.5 | 22.00 | 183.00 | 205.00 | NOTE | |
| r-release-windows-x86_64 | 0.3.5 | 24.00 | 197.00 | 221.00 | NOTE | |
| r-oldrel-macos-arm64 | 0.3.5 | 10.00 | 78.00 | 88.00 | NOTE | |
| r-oldrel-macos-x86_64 | 0.3.5 | 18.00 | 138.00 | 156.00 | NOTE | |
| r-oldrel-windows-x86_64 | 0.3.5 | 36.00 | 271.00 | 307.00 | NOTE | 
Version: 0.3.5
Check: package subdirectories
Result: NOTE
  Problems with news in ‘NEWS.md’:
    Cannot extract version info from the following section titles:
      light.interception.voxels() - This function create the Fraction absorbed incident light
      light.interception.raster() - Create a raster of Fraction absorbed incident light
      light.incident.voxels() - This function create the Fraction incident light
      light.incident.raster() - Create a raster of the Fraction incident light
Flavors: r-devel-linux-x86_64-debian-clang, r-devel-linux-x86_64-debian-gcc, r-devel-linux-x86_64-fedora-clang, r-devel-linux-x86_64-fedora-gcc, r-devel-windows-x86_64, r-patched-linux-x86_64, r-release-linux-x86_64, r-release-macos-arm64, r-release-macos-x86_64, r-release-windows-x86_64, r-oldrel-macos-arm64, r-oldrel-macos-x86_64, r-oldrel-windows-x86_64