Last updated on 2025-11-04 11:52:34 CET.
| Flavor | Version | Tinstall | Tcheck | Ttotal | Status | Flags | 
|---|---|---|---|---|---|---|
| r-devel-linux-x86_64-debian-clang | 0.3.1 | 8.87 | 100.22 | 109.09 | NOTE | |
| r-devel-linux-x86_64-debian-gcc | 0.3.1 | 6.28 | 67.75 | 74.03 | NOTE | |
| r-devel-linux-x86_64-fedora-clang | 0.3.1 | 38.00 | 128.41 | 166.41 | OK | |
| r-devel-linux-x86_64-fedora-gcc | 0.3.1 | 18.00 | 132.48 | 150.48 | OK | |
| r-devel-windows-x86_64 | 0.3.1 | 11.00 | 130.00 | 141.00 | OK | |
| r-patched-linux-x86_64 | 0.3.1 | 8.67 | 90.39 | 99.06 | OK | |
| r-release-linux-x86_64 | 0.3.1 | 6.15 | 90.14 | 96.29 | OK | |
| r-release-macos-arm64 | 0.3.1 | 3.00 | 64.00 | 67.00 | OK | |
| r-release-macos-x86_64 | 0.3.1 | 7.00 | 115.00 | 122.00 | OK | |
| r-release-windows-x86_64 | 0.3.1 | 10.00 | 129.00 | 139.00 | OK | |
| r-oldrel-macos-arm64 | 0.3.1 | 4.00 | 67.00 | 71.00 | OK | |
| r-oldrel-macos-x86_64 | 0.3.1 | 6.00 | 88.00 | 94.00 | OK | |
| r-oldrel-windows-x86_64 | 0.3.1 | 14.00 | 164.00 | 178.00 | OK | 
Version: 0.3.1
Check: CRAN incoming feasibility
Result: NOTE
  Maintainer: ‘Jonas Rieger <jonas.rieger@tu-dortmund.de>’
  
  Package CITATION file contains call(s) to old-style citEntry().  Please
  use bibentry() instead.
Flavors: r-devel-linux-x86_64-debian-clang, r-devel-linux-x86_64-debian-gcc