CRAN Package Check Results for Package latexpdf

Last updated on 2025-05-23 12:49:31 CEST.

Flavor Version Tinstall Tcheck Ttotal Status Flags
r-devel-linux-x86_64-debian-clang 0.1.8 2.53 27.49 30.02 NOTE
r-devel-linux-x86_64-debian-gcc 0.1.8 1.78 21.71 23.49 NOTE
r-devel-linux-x86_64-fedora-clang 0.1.8 47.97 OK
r-devel-linux-x86_64-fedora-gcc 0.1.8 57.95 OK
r-devel-windows-x86_64 0.1.8 4.00 71.00 75.00 OK
r-patched-linux-x86_64 0.1.8 3.05 26.20 29.25 OK
r-release-linux-x86_64 0.1.8 2.46 26.06 28.52 OK
r-release-macos-arm64 0.1.8 25.00 OK
r-release-macos-x86_64 0.1.8 45.00 OK
r-release-windows-x86_64 0.1.8 6.00 64.00 70.00 OK
r-oldrel-macos-arm64 0.1.8 22.00 OK
r-oldrel-macos-x86_64 0.1.8 39.00 OK
r-oldrel-windows-x86_64 0.1.8 3.00 59.00 62.00 OK

Check Details

Version: 0.1.8
Check: CRAN incoming feasibility
Result: NOTE Maintainer: ‘Tim Bergsma <bergsmat@gmail.com>’ No Authors@R field in DESCRIPTION. Please add one, modifying Authors@R: person(given = "Tim", family = "Bergsma", role = c("aut", "cre"), email = "bergsmat@gmail.com") as necessary. Flavors: r-devel-linux-x86_64-debian-clang, r-devel-linux-x86_64-debian-gcc

mirror server hosted at Truenetwork, Russian Federation.