Last updated on 2025-11-03 23:50:22 CET.
| Flavor | Version | Tinstall | Tcheck | Ttotal | Status | Flags | 
|---|---|---|---|---|---|---|
| r-devel-linux-x86_64-debian-clang | 0.0.6 | 15.56 | 116.10 | 131.66 | NOTE | |
| r-devel-linux-x86_64-debian-gcc | 0.0.6 | 11.58 | 81.33 | 92.91 | NOTE | |
| r-devel-linux-x86_64-fedora-clang | 0.0.7 | 86.00 | 121.87 | 207.87 | OK | |
| r-devel-linux-x86_64-fedora-gcc | 0.0.7 | 35.00 | 150.75 | 185.75 | OK | |
| r-devel-windows-x86_64 | 0.0.6 | 17.00 | 118.00 | 135.00 | NOTE | |
| r-patched-linux-x86_64 | 0.0.6 | 13.92 | 106.06 | 119.98 | NOTE | |
| r-release-linux-x86_64 | 0.0.6 | 15.21 | 107.09 | 122.30 | NOTE | |
| r-release-macos-arm64 | 0.0.7 | 6.00 | 43.00 | 49.00 | OK | |
| r-release-macos-x86_64 | 0.0.7 | 17.00 | 94.00 | 111.00 | OK | |
| r-release-windows-x86_64 | 0.0.6 | 18.00 | 118.00 | 136.00 | NOTE | |
| r-oldrel-macos-arm64 | 0.0.7 | 6.00 | 51.00 | 57.00 | OK | |
| r-oldrel-macos-x86_64 | 0.0.7 | 14.00 | 93.00 | 107.00 | OK | |
| r-oldrel-windows-x86_64 | 0.0.6 | 22.00 | 149.00 | 171.00 | OK | 
Version: 0.0.6
Check: Rd cross-references
Result: NOTE
  Found the following Rd file(s) with Rd \link{} targets missing package
  anchors:
    ESEM.Rd: lavaan
    add_population_error.Rd: bifactor
  Please provide package anchors for all Rd \link{} targets not in the
  package itself and the base packages.
Flavors: r-devel-linux-x86_64-debian-clang, r-devel-linux-x86_64-debian-gcc, r-devel-windows-x86_64, r-patched-linux-x86_64, r-release-linux-x86_64, r-release-windows-x86_64