Last updated on 2025-02-21 17:50:45 CET.
Flavor | Version | Tinstall | Tcheck | Ttotal | Status | Flags |
---|---|---|---|---|---|---|
r-devel-linux-x86_64-debian-clang | 0.3.1 | 87.89 | 66.81 | 154.70 | OK | |
r-devel-linux-x86_64-debian-gcc | 0.3.1 | 60.92 | 41.99 | 102.91 | OK | |
r-devel-linux-x86_64-fedora-clang | 0.3.1 | 237.76 | OK | |||
r-devel-linux-x86_64-fedora-gcc | 0.3.1 | 257.01 | OK | |||
r-devel-macos-arm64 | 0.3.1 | 61.00 | OK | |||
r-devel-macos-x86_64 | 0.3.1 | 138.00 | OK | |||
r-devel-windows-x86_64 | 0.3.1 | 66.00 | 96.00 | 162.00 | OK | |
r-patched-linux-x86_64 | 0.3.1 | 80.14 | 62.81 | 142.95 | OK | |
r-release-linux-x86_64 | 0.3.1 | 81.98 | 64.30 | 146.28 | OK | |
r-release-macos-arm64 | 0.3.1 | 62.00 | NOTE | |||
r-release-macos-x86_64 | 0.3.1 | 98.00 | NOTE | |||
r-release-windows-x86_64 | 0.3.1 | 70.00 | 98.00 | 168.00 | OK | |
r-oldrel-macos-arm64 | 0.3.1 | 66.00 | NOTE | |||
r-oldrel-macos-x86_64 | 0.3.1 | 193.00 | NOTE | |||
r-oldrel-windows-x86_64 | 0.3.1 | 88.00 | 110.00 | 198.00 | OK |
Version: 0.3.1
Check: installed package size
Result: NOTE
installed size is 8.4Mb
sub-directories of 1Mb or more:
libs 8.2Mb
Flavors: r-release-macos-arm64, r-release-macos-x86_64, r-oldrel-macos-arm64, r-oldrel-macos-x86_64