Last updated on 2025-02-21 17:50:45 CET.
Flavor | Version | Tinstall | Tcheck | Ttotal | Status | Flags |
---|---|---|---|---|---|---|
r-devel-linux-x86_64-debian-clang | 1.0.1 | 44.95 | 98.95 | 143.90 | NOTE | |
r-devel-linux-x86_64-debian-gcc | 1.0.1 | 33.32 | 67.42 | 100.74 | NOTE | |
r-devel-linux-x86_64-fedora-clang | 1.0.1 | 243.62 | OK | |||
r-devel-linux-x86_64-fedora-gcc | 1.0.1 | 243.29 | OK | |||
r-devel-macos-arm64 | 1.0.1 | 80.00 | OK | |||
r-devel-macos-x86_64 | 1.0.1 | 154.00 | OK | |||
r-devel-windows-x86_64 | 1.0.1 | 57.00 | 133.00 | 190.00 | NOTE | |
r-patched-linux-x86_64 | 1.0.1 | 48.46 | 90.65 | 139.11 | OK | |
r-release-linux-x86_64 | 1.0.1 | 46.51 | 90.61 | 137.12 | OK | |
r-release-macos-arm64 | 1.0.1 | 78.00 | OK | |||
r-release-macos-x86_64 | 1.0.1 | 187.00 | OK | |||
r-release-windows-x86_64 | 1.0.1 | 54.00 | 131.00 | 185.00 | OK | |
r-oldrel-macos-arm64 | 1.0.1 | 77.00 | OK | |||
r-oldrel-macos-x86_64 | 1.0.1 | 122.00 | OK | |||
r-oldrel-windows-x86_64 | 1.0.1 | 73.00 | 157.00 | 230.00 | OK |
Version: 1.0.1
Check: Rd cross-references
Result: NOTE
Found the following Rd file(s) with Rd \link{} targets missing package
anchors:
bounding_box.Rd: data.table
voxelize.Rd: data.table
Please provide package anchors for all Rd \link{} targets not in the
package itself and the base packages.
Flavors: r-devel-linux-x86_64-debian-clang, r-devel-linux-x86_64-debian-gcc, r-devel-windows-x86_64