Last updated on 2025-07-13 00:48:30 CEST.
Flavor | Version | Tinstall | Tcheck | Ttotal | Status | Flags |
---|---|---|---|---|---|---|
r-devel-linux-x86_64-debian-clang | 0.1.2 | 6.23 | 107.66 | 113.89 | NOTE | |
r-devel-linux-x86_64-debian-gcc | 0.1.2 | 4.36 | 82.13 | 86.49 | NOTE | |
r-devel-linux-x86_64-fedora-clang | 0.1.2 | 147.15 | OK | |||
r-devel-linux-x86_64-fedora-gcc | 0.1.2 | 157.35 | OK | |||
r-devel-windows-x86_64 | 0.1.2 | 9.00 | 101.00 | 110.00 | OK | |
r-patched-linux-x86_64 | 0.1.2 | 5.71 | 101.85 | 107.56 | OK | |
r-release-linux-x86_64 | 0.1.2 | 6.00 | 102.36 | 108.36 | OK | |
r-release-macos-arm64 | 0.1.2 | 60.00 | OK | |||
r-release-macos-x86_64 | 0.1.2 | 88.00 | OK | |||
r-release-windows-x86_64 | 0.1.2 | 10.00 | 101.00 | 111.00 | OK | |
r-oldrel-macos-arm64 | 0.1.2 | 47.00 | OK | |||
r-oldrel-macos-x86_64 | 0.1.2 | 85.00 | OK | |||
r-oldrel-windows-x86_64 | 0.1.2 | 11.00 | 115.00 | 126.00 | OK |
Version: 0.1.2
Check: CRAN incoming feasibility
Result: NOTE
Maintainer: ‘Cristhian Paredes <craparedesca@unal.edu.co>’
No Authors@R field in DESCRIPTION.
Please add one, modifying
Authors@R: c(person(given = "Cristhian",
family = "Paredes",
role = c("aut", "cre"),
email = "craparedesca@unal.edu.co"),
person(given = "Jesús",
family = "Ágreda",
role = "aut"))
as necessary.
Flavors: r-devel-linux-x86_64-debian-clang, r-devel-linux-x86_64-debian-gcc