CRAN Package Check Results for Package lablaster

Last updated on 2025-07-13 06:48:28 CEST.

Flavor Version Tinstall Tcheck Ttotal Status Flags
r-devel-linux-x86_64-debian-clang 1.0.1 2.39 34.00 36.39 NOTE
r-devel-linux-x86_64-debian-gcc 1.0.1 2.13 26.44 28.57 NOTE
r-devel-linux-x86_64-fedora-clang 1.0.1 58.85 OK
r-devel-linux-x86_64-fedora-gcc 1.0.1 48.94 OK
r-devel-windows-x86_64 1.0.1 4.00 50.00 54.00 OK
r-patched-linux-x86_64 1.0.1 2.50 31.18 33.68 OK
r-release-linux-x86_64 1.0.1 2.36 31.06 33.42 OK
r-release-macos-arm64 1.0.1 25.00 OK
r-release-macos-x86_64 1.0.1 45.00 OK
r-release-windows-x86_64 1.0.1 5.00 0.00 5.00 FAIL
r-oldrel-macos-arm64 1.0.1 21.00 OK
r-oldrel-macos-x86_64 1.0.1 29.00 OK
r-oldrel-windows-x86_64 1.0.1 6.00 58.00 64.00 OK

Check Details

Version: 1.0.1
Check: DESCRIPTION meta-information
Result: NOTE Author field differs from that derived from Authors@R Author: ‘Alex Searle-Barnes [aut, cre] (<https://orcid.org/0000-0003-0389-7717>, https://github.com/alexsb1)’ Authors@R: ‘Alex Searle-Barnes [aut, cre] (ORCID: <https://orcid.org/0000-0003-0389-7717>, URL: https://github.com/alexsb1)’ Flavors: r-devel-linux-x86_64-debian-clang, r-devel-linux-x86_64-debian-gcc

Version: 1.0.1
Check: PDF version of manual
Result: FAIL Check process probably crashed or hung up for 20 minutes ... killed Most likely this happened in the example checks (?), if not, ignore the following last lines of example output: 273 47056 509400 779800 200 1870000 1738400.0 0.5146779 0.9694130602 275 47402 461900 683900 500 1819000 1758000.0 0.5260113 0.9803929873 277 47748 378800 625700 900 1522000 1793000.0 0.5383750 1.0000000000 279 48094 358000 548500 300 1240000 1776200.0 0.5450323 0.9905886339 281 48440 291400 489500 200 1092000 1700000.0 0.5168970 0.9479013662 $startTime [1] 0 $endTime [1] 48440 > > > > ### * <FOOTER> > ### > cleanEx() > options(digits = 7L) > base::cat("Time elapsed: ", proc.time() - base::get("ptime", pos = 'CheckExEnv'),"\n") Time elapsed: 6.57 0.32 6.89 NA NA > grDevices::dev.off() null device 1 > ### > ### Local variables: *** > ### mode: outline-minor *** > ### outline-regexp: "\\(> \\)?### [*]+" *** > ### End: *** > quit('no') ======== End of example output (where/before crash/hang up occured ?) ======== Flavor: r-release-windows-x86_64

mirror server hosted at Truenetwork, Russian Federation.