Last updated on 2025-11-04 05:51:14 CET.
| Flavor | Version | Tinstall | Tcheck | Ttotal | Status | Flags | 
|---|---|---|---|---|---|---|
| r-devel-linux-x86_64-debian-clang | 1.3.1 | 1.64 | 21.45 | 23.09 | NOTE | |
| r-devel-linux-x86_64-debian-gcc | 1.3.1 | 1.21 | 17.58 | 18.79 | NOTE | |
| r-devel-linux-x86_64-fedora-clang | 1.3.1 | 34.39 | OK | |||
| r-devel-linux-x86_64-fedora-gcc | 1.3.1 | 31.78 | OK | |||
| r-devel-windows-x86_64 | 1.3.1 | 3.00 | 44.00 | 47.00 | OK | |
| r-patched-linux-x86_64 | 1.3.1 | 1.68 | 20.30 | 21.98 | OK | |
| r-release-linux-x86_64 | 1.3.1 | 1.51 | 20.48 | 21.99 | OK | |
| r-release-macos-arm64 | 1.3.1 | 1.00 | 16.00 | 17.00 | OK | |
| r-release-macos-x86_64 | 1.3.1 | 2.00 | 23.00 | 25.00 | OK | |
| r-release-windows-x86_64 | 1.3.1 | 3.00 | 47.00 | 50.00 | OK | |
| r-oldrel-macos-arm64 | 1.3.1 | 1.00 | 14.00 | 15.00 | OK | |
| r-oldrel-macos-x86_64 | 1.3.1 | 1.00 | 20.00 | 21.00 | OK | |
| r-oldrel-windows-x86_64 | 1.3.1 | 3.00 | 49.00 | 52.00 | OK | 
Version: 1.3.1
Check: CRAN incoming feasibility
Result: NOTE
  Maintainer: ‘Carl Witthoft <cellocgw@gmail.com>’
  
  No Authors@R field in DESCRIPTION.
  Please add one, modifying
    Authors@R: person(given = "Carl",
                      family = "Witthoft",
                      role = c("aut", "cre"),
                      email = "cellocgw@gmail.com")
  as necessary.
Flavors: r-devel-linux-x86_64-debian-clang, r-devel-linux-x86_64-debian-gcc