CRAN Package Check Results for Package kokudosuuchi

Last updated on 2025-07-14 18:49:58 CEST.

Flavor Version Tinstall Tcheck Ttotal Status Flags
r-devel-linux-x86_64-debian-clang 1.0.0 2.75 28.51 31.26 OK
r-devel-linux-x86_64-debian-gcc 1.0.0 2.04 23.08 25.12 OK
r-devel-linux-x86_64-fedora-clang 1.0.0 47.73 OK
r-devel-linux-x86_64-fedora-gcc 1.0.0 44.11 OK
r-devel-windows-x86_64 1.0.0 5.00 48.00 53.00 OK
r-patched-linux-x86_64 1.0.0 2.88 26.31 29.19 OK
r-release-linux-x86_64 1.0.0 3.26 26.58 29.84 OK
r-release-macos-arm64 1.0.0 25.00 OK
r-release-macos-x86_64 1.0.0 39.00 OK
r-release-windows-x86_64 1.0.0 6.00 53.00 59.00 OK
r-oldrel-macos-arm64 1.0.0 20.00 NOTE
r-oldrel-macos-x86_64 1.0.0 27.00 NOTE
r-oldrel-windows-x86_64 1.0.0 6.00 52.00 58.00 NOTE

Check Details

Version: 1.0.0
Check: LazyData
Result: NOTE 'LazyData' is specified without a 'data' directory Flavors: r-oldrel-macos-arm64, r-oldrel-macos-x86_64, r-oldrel-windows-x86_64

mirror server hosted at Truenetwork, Russian Federation.