Last updated on 2025-11-04 11:52:34 CET.
| Flavor | Version | Tinstall | Tcheck | Ttotal | Status | Flags | 
|---|---|---|---|---|---|---|
| r-devel-linux-x86_64-debian-clang | 3.0.12 | 28.13 | 44.42 | 72.55 | NOTE | |
| r-devel-linux-x86_64-debian-gcc | 3.0.12 | 19.24 | 33.99 | 53.23 | NOTE | |
| r-devel-linux-x86_64-fedora-clang | 3.0.12 | 107.00 | 26.30 | 133.30 | OK | |
| r-devel-linux-x86_64-fedora-gcc | 3.0.12 | 60.00 | 52.46 | 112.46 | OK | |
| r-devel-windows-x86_64 | 3.0.12 | 32.00 | 81.00 | 113.00 | OK | |
| r-patched-linux-x86_64 | 3.0.12 | 27.10 | 43.22 | 70.32 | NOTE | |
| r-release-linux-x86_64 | 3.0.12 | 25.89 | 43.24 | 69.13 | NOTE | |
| r-release-macos-arm64 | 3.0.12 | 11.00 | 23.00 | 34.00 | OK | |
| r-release-macos-x86_64 | 3.0.12 | 11.00 | 41.00 | 52.00 | OK | |
| r-release-windows-x86_64 | 3.0.12 | 34.00 | 79.00 | 113.00 | OK | |
| r-oldrel-macos-arm64 | 3.0.12 | 9.00 | 26.00 | 35.00 | OK | |
| r-oldrel-macos-x86_64 | 3.0.12 | 15.00 | 35.00 | 50.00 | OK | |
| r-oldrel-windows-x86_64 | 3.0.12 | 37.00 | 97.00 | 134.00 | OK | 
Version: 3.0.12
Check: CRAN incoming feasibility
Result: NOTE
  Maintainer: ‘Ron Wehrens <ron.wehrens@gmail.com>’
  
  No Authors@R field in DESCRIPTION.
  Please add one, modifying
    Authors@R: c(person(given = "Ron",
                        family = "Wehrens",
                        role = c("aut", "cre"),
                        email = "ron.wehrens@gmail.com"),
                 person(given = "Johannes",
                        family = "Kruisselbrink",
                        role = "aut"))
  as necessary.
Flavors: r-devel-linux-x86_64-debian-clang, r-devel-linux-x86_64-debian-gcc
Version: 3.0.12
Check: for unstated dependencies in ‘demo’
Result: NOTE
  'library' or 'require' calls not declared from:
    ‘RColorBrewer’ ‘lattice’
  'data(package=)' call not declared from: ‘vegan’
Flavors: r-devel-linux-x86_64-debian-clang, r-devel-linux-x86_64-debian-gcc, r-patched-linux-x86_64, r-release-linux-x86_64