Last updated on 2025-02-21 17:50:45 CET.
Flavor | Version | Tinstall | Tcheck | Ttotal | Status | Flags |
---|---|---|---|---|---|---|
r-devel-linux-x86_64-debian-clang | 1.3 | 2.78 | 27.59 | 30.37 | OK | |
r-devel-linux-x86_64-debian-gcc | 1.3 | 2.09 | 20.95 | 23.04 | OK | |
r-devel-linux-x86_64-fedora-clang | 1.3 | 48.62 | OK | |||
r-devel-linux-x86_64-fedora-gcc | 1.3 | 45.70 | OK | |||
r-devel-macos-arm64 | 1.3 | 20.00 | OK | |||
r-devel-macos-x86_64 | 1.3 | 31.00 | OK | |||
r-devel-windows-x86_64 | 1.3 | 4.00 | 53.00 | 57.00 | OK | |
r-patched-linux-x86_64 | 1.3 | 2.77 | 26.64 | 29.41 | NOTE | |
r-release-linux-x86_64 | 1.3 | 2.26 | 26.24 | 28.50 | NOTE | |
r-release-macos-arm64 | 1.3 | 18.00 | NOTE | |||
r-release-macos-x86_64 | 1.3 | 31.00 | NOTE | |||
r-release-windows-x86_64 | 1.3 | 4.00 | 47.00 | 51.00 | NOTE | |
r-oldrel-macos-arm64 | 1.3 | 20.00 | NOTE | |||
r-oldrel-macos-x86_64 | 1.3 | 27.00 | NOTE | |||
r-oldrel-windows-x86_64 | 1.3 | 4.00 | 70.00 | 74.00 | NOTE |
Version: 1.3
Check: LazyData
Result: NOTE
'LazyData' is specified without a 'data' directory
Flavors: r-patched-linux-x86_64, r-release-linux-x86_64, r-release-macos-arm64, r-release-macos-x86_64, r-release-windows-x86_64, r-oldrel-macos-arm64, r-oldrel-macos-x86_64, r-oldrel-windows-x86_64