Last updated on 2025-11-04 05:51:14 CET.
| Flavor | Version | Tinstall | Tcheck | Ttotal | Status | Flags | 
|---|---|---|---|---|---|---|
| r-devel-linux-x86_64-debian-clang | 0.3.6 | 3.00 | 119.35 | 122.35 | NOTE | |
| r-devel-linux-x86_64-debian-gcc | 0.3.6 | 2.15 | 94.39 | 96.54 | NOTE | |
| r-devel-linux-x86_64-fedora-clang | 0.3.6 | 13.00 | 178.35 | 191.35 | NOTE | |
| r-devel-linux-x86_64-fedora-gcc | 0.3.6 | 207.64 | NOTE | |||
| r-devel-windows-x86_64 | 0.3.6 | 5.00 | 175.00 | 180.00 | NOTE | |
| r-patched-linux-x86_64 | 0.3.6 | 3.71 | 124.42 | 128.13 | NOTE | |
| r-release-linux-x86_64 | 0.3.6 | 2.83 | 124.72 | 127.55 | NOTE | |
| r-release-macos-arm64 | 0.3.6 | 2.00 | 72.00 | 74.00 | NOTE | |
| r-release-macos-x86_64 | 0.3.6 | 3.00 | 143.00 | 146.00 | NOTE | |
| r-release-windows-x86_64 | 0.3.6 | 5.00 | 174.00 | 179.00 | NOTE | |
| r-oldrel-macos-arm64 | 0.3.6 | 2.00 | 66.00 | 68.00 | NOTE | |
| r-oldrel-macos-x86_64 | 0.3.6 | 2.00 | 103.00 | 105.00 | NOTE | |
| r-oldrel-windows-x86_64 | 0.3.6 | 7.00 | 219.00 | 226.00 | NOTE | 
Version: 0.3.6
Check: Rd files
Result: NOTE
  checkRd: (-1) knockoff.Rd:22-24: Lost braces in \itemize; meant \describe ?
  checkRd: (-1) knockoff.Rd:25-27: Lost braces in \itemize; meant \describe ?
Flavors: r-devel-linux-x86_64-debian-clang, r-devel-linux-x86_64-debian-gcc, r-devel-linux-x86_64-fedora-clang, r-devel-linux-x86_64-fedora-gcc, r-devel-windows-x86_64, r-patched-linux-x86_64, r-release-linux-x86_64, r-release-macos-arm64, r-release-macos-x86_64, r-release-windows-x86_64, r-oldrel-macos-arm64, r-oldrel-macos-x86_64, r-oldrel-windows-x86_64