Last updated on 2025-11-04 05:51:14 CET.
| Flavor | Version | Tinstall | Tcheck | Ttotal | Status | Flags | 
|---|---|---|---|---|---|---|
| r-devel-linux-x86_64-debian-clang | 1.0.1.9 | 24.58 | 161.52 | 186.10 | OK | |
| r-devel-linux-x86_64-debian-gcc | 1.0.1.9 | 14.50 | 117.20 | 131.70 | OK | |
| r-devel-linux-x86_64-fedora-clang | 1.0.1.9 | 118.00 | 176.24 | 294.24 | OK | |
| r-devel-linux-x86_64-fedora-gcc | 1.0.1.9 | 49.00 | 225.00 | 274.00 | OK | |
| r-devel-windows-x86_64 | 1.0.1.9 | 26.00 | 141.00 | 167.00 | OK | |
| r-patched-linux-x86_64 | 1.0.1.9 | 21.65 | 147.33 | 168.98 | OK | |
| r-release-linux-x86_64 | 1.0.1.9 | 20.98 | 146.36 | 167.34 | OK | |
| r-release-macos-arm64 | 1.0.1.9 | 13.00 | 74.00 | 87.00 | OK | |
| r-release-macos-x86_64 | 1.0.1.9 | 22.00 | 122.00 | 144.00 | OK | |
| r-release-windows-x86_64 | 1.0.1.9 | 25.00 | 141.00 | 166.00 | OK | |
| r-oldrel-macos-arm64 | 1.0.1.9 | 9.00 | 60.00 | 69.00 | NOTE | |
| r-oldrel-macos-x86_64 | 1.0.1.9 | 15.00 | 93.00 | 108.00 | NOTE | |
| r-oldrel-windows-x86_64 | 1.0.1.9 | 33.00 | 184.00 | 217.00 | NOTE | 
Version: 1.0.1.9
Check: package dependencies
Result: NOTE
  Package suggested but not available for checking: ‘kadmin’
Flavors: r-oldrel-macos-arm64, r-oldrel-macos-x86_64, r-oldrel-windows-x86_64