CRAN Package Check Results for Package kinship2

Last updated on 2025-07-19 06:48:34 CEST.

Flavor Version Tinstall Tcheck Ttotal Status Flags
r-devel-linux-x86_64-debian-clang 1.9.6.1 10.90 94.18 105.08 NOTE
r-devel-linux-x86_64-debian-gcc 1.9.6.1 6.52 69.10 75.62 NOTE
r-devel-linux-x86_64-fedora-clang 1.9.6.1 151.42 OK
r-devel-linux-x86_64-fedora-gcc 1.9.6.1 174.26 OK
r-devel-windows-x86_64 1.9.6.1 10.00 110.00 120.00 NOTE
r-patched-linux-x86_64 1.9.6.1 10.24 90.16 100.40 NOTE
r-release-linux-x86_64 1.9.6.1 9.54 89.95 99.49 NOTE
r-release-macos-arm64 1.9.6.1 69.00 OK
r-release-macos-x86_64 1.9.6.1 131.00 OK
r-release-windows-x86_64 1.9.6.1 9.00 110.00 119.00 NOTE
r-oldrel-macos-arm64 1.9.6.1 60.00 OK
r-oldrel-macos-x86_64 1.9.6.1 108.00 OK
r-oldrel-windows-x86_64 1.9.6.1 15.00 133.00 148.00 OK

Check Details

Version: 1.9.6.1
Check: Rd cross-references
Result: NOTE Found the following Rd file(s) with Rd \link{} targets missing package anchors: ibdMatrix.Rd: Matrix Please provide package anchors for all Rd \link{} targets not in the package itself and the base packages. Flavors: r-devel-linux-x86_64-debian-clang, r-devel-linux-x86_64-debian-gcc, r-devel-windows-x86_64, r-patched-linux-x86_64, r-release-linux-x86_64, r-release-windows-x86_64

mirror server hosted at Truenetwork, Russian Federation.