Last updated on 2025-07-21 01:49:07 CEST.
Flavor | Version | Tinstall | Tcheck | Ttotal | Status | Flags |
---|---|---|---|---|---|---|
r-devel-linux-x86_64-debian-clang | 0.2.1 | 79.82 | 120.80 | 200.62 | OK | |
r-devel-linux-x86_64-debian-gcc | 0.2.1 | 66.54 | 87.51 | 154.05 | OK | |
r-devel-linux-x86_64-fedora-clang | 0.2.1 | 293.65 | NOTE | |||
r-devel-linux-x86_64-fedora-gcc | 0.2.1 | 355.75 | NOTE | |||
r-devel-windows-x86_64 | 0.2.1 | 88.00 | 162.00 | 250.00 | OK | |
r-patched-linux-x86_64 | 0.2.1 | 91.16 | 114.63 | 205.79 | OK | |
r-release-linux-x86_64 | 0.2.1 | 92.77 | 115.18 | 207.95 | OK | |
r-release-macos-arm64 | 0.2.1 | 106.00 | OK | |||
r-release-macos-x86_64 | 0.2.1 | 183.00 | OK | |||
r-release-windows-x86_64 | 0.2.1 | 87.00 | 169.00 | 256.00 | OK | |
r-oldrel-macos-arm64 | 0.2.1 | 238.00 | NOTE | |||
r-oldrel-macos-x86_64 | 0.2.1 | 287.00 | NOTE | |||
r-oldrel-windows-x86_64 | 0.2.1 | 109.00 | 203.00 | 312.00 | OK |
Version: 0.2.1
Check: dependencies in R code
Result: NOTE
Namespace in Imports field not imported from: ‘RcppProgress’
All declared Imports should be used.
Flavors: r-devel-linux-x86_64-fedora-clang, r-devel-linux-x86_64-fedora-gcc
Version: 0.2.1
Check: installed package size
Result: NOTE
installed size is 18.3Mb
sub-directories of 1Mb or more:
libs 17.9Mb
Flavors: r-oldrel-macos-arm64, r-oldrel-macos-x86_64