CRAN Package Check Results for Package kfa

Last updated on 2025-10-14 12:50:27 CEST.

Flavor Version Tinstall Tcheck Ttotal Status Flags
r-devel-linux-x86_64-debian-clang 0.2.2 18.07 142.72 160.79 NOTE
r-devel-linux-x86_64-debian-gcc 0.2.2 14.21 98.88 113.09 NOTE
r-devel-linux-x86_64-fedora-clang 0.2.2 257.21 OK
r-devel-linux-x86_64-fedora-gcc 0.2.2 230.45 OK
r-devel-windows-x86_64 0.2.2 21.00 134.00 155.00 OK
r-patched-linux-x86_64 0.2.2 16.89 129.72 146.61 OK
r-release-linux-x86_64 0.2.2 16.89 130.38 147.27 OK
r-release-macos-arm64 0.2.2 55.00 OK
r-release-macos-x86_64 0.2.2 109.00 OK
r-release-windows-x86_64 0.2.2 18.00 142.00 160.00 OK
r-oldrel-macos-arm64 0.2.2 56.00 OK
r-oldrel-macos-x86_64 0.2.2 88.00 OK
r-oldrel-windows-x86_64 0.2.2 26.00 172.00 198.00 OK

Check Details

Version: 0.2.2
Check: CRAN incoming feasibility
Result: NOTE Maintainer: ‘Kyle Nickodem <kyle.nickodem@gmail.com>’ No Authors@R field in DESCRIPTION. Please add one, modifying Authors@R: c(person(given = "Kyle", family = "Nickodem", role = c("aut", "cre"), email = "kyle.nickodem@gmail.com"), person(given = "Peter", family = "Halpin", role = "aut")) as necessary. Flavors: r-devel-linux-x86_64-debian-clang, r-devel-linux-x86_64-debian-gcc

mirror server hosted at Truenetwork, Russian Federation.