Last updated on 2025-05-22 12:50:03 CEST.
Flavor | Version | Tinstall | Tcheck | Ttotal | Status | Flags |
---|---|---|---|---|---|---|
r-devel-linux-x86_64-debian-clang | 0.1.0 | 5.09 | 49.27 | 54.36 | OK | |
r-devel-linux-x86_64-debian-gcc | 0.1.0 | 3.62 | 38.52 | 42.14 | OK | |
r-devel-linux-x86_64-fedora-clang | 0.1.0 | 85.78 | OK | |||
r-devel-linux-x86_64-fedora-gcc | 0.1.0 | 84.32 | OK | |||
r-devel-windows-x86_64 | 0.1.0 | 8.00 | 81.00 | 89.00 | OK | |
r-patched-linux-x86_64 | 0.1.0 | 4.60 | 47.79 | 52.39 | OK | |
r-release-linux-x86_64 | 0.1.0 | 4.58 | 47.82 | 52.40 | OK | |
r-release-macos-arm64 | 0.1.0 | 35.00 | OK | |||
r-release-macos-x86_64 | 0.1.0 | 56.00 | OK | |||
r-release-windows-x86_64 | 0.1.0 | 9.00 | 104.00 | 113.00 | OK | |
r-oldrel-macos-arm64 | 0.1.0 | 27.00 | NOTE | |||
r-oldrel-macos-x86_64 | 0.1.0 | 42.00 | NOTE | |||
r-oldrel-windows-x86_64 | 0.1.0 | 9.00 | 79.00 | 88.00 | NOTE |
Version: 0.1.0
Check: LazyData
Result: NOTE
'LazyData' is specified without a 'data' directory
Flavors: r-oldrel-macos-arm64, r-oldrel-macos-x86_64, r-oldrel-windows-x86_64