Last updated on 2025-05-20 12:50:00 CEST.
Flavor | Version | Tinstall | Tcheck | Ttotal | Status | Flags |
---|---|---|---|---|---|---|
r-devel-linux-x86_64-debian-clang | 1.4.0 | 52.30 | 923.70 | 976.00 | OK | |
r-devel-linux-x86_64-debian-gcc | 1.4.0 | 35.88 | 580.57 | 616.45 | OK | |
r-devel-linux-x86_64-fedora-clang | 1.4.0 | 1514.09 | OK | |||
r-devel-linux-x86_64-fedora-gcc | 1.4.0 | 1449.97 | OK | |||
r-devel-windows-x86_64 | 1.4.0 | 60.00 | 1223.00 | 1283.00 | OK | |
r-patched-linux-x86_64 | 1.4.0 | 238.53 | 860.22 | 1098.75 | OK | |
r-release-linux-x86_64 | 1.4.0 | 50.67 | 856.85 | 907.52 | OK | |
r-release-macos-arm64 | 1.4.0 | 237.00 | OK | |||
r-release-macos-x86_64 | 1.4.0 | 501.00 | OK | |||
r-release-windows-x86_64 | 1.4.0 | 59.00 | 1121.00 | 1180.00 | OK | |
r-oldrel-macos-arm64 | 1.4.0 | 244.00 | NOTE | |||
r-oldrel-macos-x86_64 | 1.4.0 | 623.00 | NOTE | |||
r-oldrel-windows-x86_64 | 1.3.0 | 71.00 | 1245.00 | 1316.00 | NOTE |
Version: 1.4.0
Check: installed package size
Result: NOTE
installed size is 14.5Mb
sub-directories of 1Mb or more:
doc 3.3Mb
help 10.3Mb
Flavors: r-oldrel-macos-arm64, r-oldrel-macos-x86_64
Version: 1.3.0
Check: installed package size
Result: NOTE
installed size is 14.3Mb
sub-directories of 1Mb or more:
doc 3.3Mb
help 10.2Mb
Flavor: r-oldrel-windows-x86_64