Last updated on 2025-11-03 17:49:53 CET.
| Flavor | Version | Tinstall | Tcheck | Ttotal | Status | Flags |
|---|---|---|---|---|---|---|
| r-devel-linux-x86_64-debian-clang | 1.6.4 | 35.10 | 181.66 | 216.76 | NOTE | |
| r-devel-linux-x86_64-debian-gcc | 1.6.4 | 19.16 | 121.22 | 140.38 | NOTE | |
| r-devel-linux-x86_64-fedora-clang | 1.6.4 | 139.00 | 206.06 | 345.06 | OK | |
| r-devel-linux-x86_64-fedora-gcc | 1.6.4 | 57.00 | 251.44 | 308.44 | OK | |
| r-devel-windows-x86_64 | 1.6.4 | 30.00 | 200.00 | 230.00 | OK | |
| r-patched-linux-x86_64 | 1.6.4 | 32.61 | 166.75 | 199.36 | OK | |
| r-release-linux-x86_64 | 1.6.4 | 30.90 | 167.36 | 198.26 | OK | |
| r-release-macos-arm64 | 1.6.4 | 14.00 | 79.00 | 93.00 | OK | |
| r-release-macos-x86_64 | 1.6.4 | 28.00 | 174.00 | 202.00 | OK | |
| r-release-windows-x86_64 | 1.6.4 | 30.00 | 199.00 | 229.00 | OK | |
| r-oldrel-macos-arm64 | 1.6.4 | 11.00 | 70.00 | 81.00 | OK | |
| r-oldrel-macos-x86_64 | 1.6.4 | 31.00 | 127.00 | 158.00 | OK | |
| r-oldrel-windows-x86_64 | 1.6.4 | 43.00 | 245.00 | 288.00 | OK |
Version: 1.6.4
Check: CRAN incoming feasibility
Result: NOTE
Maintainer: ‘Björn Andersson <bjoern.h.andersson@gmail.com>’
Package CITATION file contains call(s) to old-style personList() or
as.personList(). Please use c() on person objects instead.
Package CITATION file contains call(s) to old-style citEntry(). Please
use bibentry() instead.
Flavors: r-devel-linux-x86_64-debian-clang, r-devel-linux-x86_64-debian-gcc