Last updated on 2025-11-04 05:51:14 CET.
| Flavor | Version | Tinstall | Tcheck | Ttotal | Status | Flags | 
|---|---|---|---|---|---|---|
| r-devel-linux-x86_64-debian-clang | 0.1 | 31.20 | 266.26 | 297.46 | NOTE | |
| r-devel-linux-x86_64-debian-gcc | 0.1 | 19.91 | 170.40 | 190.31 | NOTE | |
| r-devel-linux-x86_64-fedora-clang | 0.1 | 141.00 | 356.11 | 497.11 | OK | |
| r-devel-linux-x86_64-fedora-gcc | 0.1 | 60.00 | 363.09 | 423.09 | OK | |
| r-devel-windows-x86_64 | 0.1 | 29.00 | 197.00 | 226.00 | OK | |
| r-patched-linux-x86_64 | 0.1 | 30.87 | 253.98 | 284.85 | OK | |
| r-release-linux-x86_64 | 0.1 | 28.86 | 252.99 | 281.85 | OK | |
| r-release-macos-arm64 | 0.1 | 11.00 | 75.00 | 86.00 | OK | |
| r-release-macos-x86_64 | 0.1 | 23.00 | 166.00 | 189.00 | OK | |
| r-release-windows-x86_64 | 0.1 | 30.00 | 200.00 | 230.00 | OK | |
| r-oldrel-macos-arm64 | 0.1 | 11.00 | 75.00 | 86.00 | OK | |
| r-oldrel-macos-x86_64 | 0.1 | 19.00 | 125.00 | 144.00 | OK | |
| r-oldrel-windows-x86_64 | 0.1 | 41.00 | 279.00 | 320.00 | OK | 
Version: 0.1
Check: CRAN incoming feasibility
Result: NOTE
  Maintainer: ‘Claudia Vitolo <cvitolodev@gmail.com>’
  
  No Authors@R field in DESCRIPTION.
  Please add one, modifying
    Authors@R: c(person(given = "Claudia",
                        family = "Vitolo",
                        role = c("aut", "cre"),
                        email = "cvitolodev@gmail.com"),
                 person(given = "Allan",
                        family = "Tucker",
                        role = "aut"),
                 person(given = "Andrew",
                        family = "Russell",
                        role = "aut"))
  as necessary.
  
  The Description field contains
    http://www.brunel.ac.uk/ife/britishcouncil). It refers to the
  Please enclose URLs in angle brackets (<...>).
Flavors: r-devel-linux-x86_64-debian-clang, r-devel-linux-x86_64-debian-gcc