Last updated on 2025-02-21 17:50:44 CET.
Flavor | Version | Tinstall | Tcheck | Ttotal | Status | Flags |
---|---|---|---|---|---|---|
r-devel-linux-x86_64-debian-clang | 0.9.2 | 66.64 | 88.50 | 155.14 | NOTE | |
r-devel-linux-x86_64-debian-gcc | 0.9.2 | 46.24 | 59.16 | 105.40 | NOTE | |
r-devel-linux-x86_64-fedora-clang | 0.9.2 | 287.43 | OK | |||
r-devel-linux-x86_64-fedora-gcc | 0.9.2 | 285.16 | OK | |||
r-devel-macos-arm64 | 0.9.2 | 69.00 | OK | |||
r-devel-macos-x86_64 | 0.9.2 | 124.00 | OK | |||
r-devel-windows-x86_64 | 0.9.2 | 71.00 | 122.00 | 193.00 | NOTE | |
r-patched-linux-x86_64 | 0.9.2 | 66.86 | 79.16 | 146.02 | OK | |
r-release-linux-x86_64 | 0.9.2 | 66.40 | 79.78 | 146.18 | OK | |
r-release-macos-arm64 | 0.9.2 | 68.00 | OK | |||
r-release-macos-x86_64 | 0.9.2 | 88.00 | OK | |||
r-release-windows-x86_64 | 0.9.2 | 70.00 | 121.00 | 191.00 | OK | |
r-oldrel-macos-arm64 | 0.9.2 | 105.00 | OK | |||
r-oldrel-macos-x86_64 | 0.9.2 | 173.00 | OK | |||
r-oldrel-windows-x86_64 | 0.9.2 | 85.00 | 135.00 | 220.00 | OK |
Version: 0.9.2
Check: Rd cross-references
Result: NOTE
Found the following Rd file(s) with Rd \link{} targets missing package
anchors:
plot.kdecopula.Rd: wireframe
Please provide package anchors for all Rd \link{} targets not in the
package itself and the base packages.
Flavors: r-devel-linux-x86_64-debian-clang, r-devel-linux-x86_64-debian-gcc, r-devel-windows-x86_64