Last updated on 2025-11-04 11:52:33 CET.
| Flavor | Version | Tinstall | Tcheck | Ttotal | Status | Flags | 
|---|---|---|---|---|---|---|
| r-devel-linux-x86_64-debian-clang | 1.1.1 | 36.03 | 30.15 | 66.18 | OK | |
| r-devel-linux-x86_64-debian-gcc | 1.1.1 | 25.93 | 29.71 | 55.64 | OK | |
| r-devel-linux-x86_64-fedora-clang | 1.1.1 | 167.00 | -54.74 | 112.26 | OK | |
| r-devel-linux-x86_64-fedora-gcc | 1.1.1 | 91.00 | 24.02 | 115.02 | OK | |
| r-devel-windows-x86_64 | 1.1.1 | 43.00 | 73.00 | 116.00 | OK | |
| r-patched-linux-x86_64 | 1.1.1 | 46.38 | 34.94 | 81.32 | OK | |
| r-release-linux-x86_64 | 1.1.1 | 41.36 | 34.54 | 75.90 | OK | |
| r-release-macos-arm64 | 1.1.1 | 16.00 | 18.00 | 34.00 | OK | |
| r-release-macos-x86_64 | 1.1.1 | 40.00 | 28.00 | 68.00 | OK | |
| r-release-windows-x86_64 | 1.1.1 | 46.00 | 69.00 | 115.00 | OK | |
| r-oldrel-macos-arm64 | 1.1.1 | 18.00 | 25.00 | 43.00 | NOTE | |
| r-oldrel-macos-x86_64 | 1.1.1 | 25.00 | 36.00 | 61.00 | NOTE | |
| r-oldrel-windows-x86_64 | 1.1.1 | 52.00 | 87.00 | 139.00 | OK | 
Version: 1.1.1
Check: installed package size
Result: NOTE
    installed size is 17.0Mb
    sub-directories of 1Mb or more:
      libs  16.8Mb
Flavors: r-oldrel-macos-arm64, r-oldrel-macos-x86_64