Last updated on 2025-11-04 05:51:14 CET.
| Flavor | Version | Tinstall | Tcheck | Ttotal | Status | Flags | 
|---|---|---|---|---|---|---|
| r-devel-linux-x86_64-debian-clang | 0.1.2 | 5.95 | 55.57 | 61.52 | NOTE | |
| r-devel-linux-x86_64-debian-gcc | 0.1.2 | 4.20 | 40.55 | 44.75 | NOTE | |
| r-devel-linux-x86_64-fedora-clang | 0.1.2 | 26.00 | 72.29 | 98.29 | OK | |
| r-devel-linux-x86_64-fedora-gcc | 0.1.2 | 14.00 | 72.73 | 86.73 | OK | |
| r-devel-windows-x86_64 | 0.1.2 | 8.00 | 66.00 | 74.00 | OK | |
| r-patched-linux-x86_64 | 0.1.2 | 5.38 | 51.63 | 57.01 | OK | |
| r-release-linux-x86_64 | 0.1.2 | 4.86 | 52.57 | 57.43 | OK | |
| r-release-macos-arm64 | 0.1.2 | 2.00 | 25.00 | 27.00 | OK | |
| r-release-macos-x86_64 | 0.1.2 | 5.00 | 39.00 | 44.00 | OK | |
| r-release-windows-x86_64 | 0.1.2 | 8.00 | 64.00 | 72.00 | OK | |
| r-oldrel-macos-arm64 | 0.1.2 | 3.00 | 22.00 | 25.00 | OK | |
| r-oldrel-macos-x86_64 | 0.1.2 | 3.00 | 33.00 | 36.00 | OK | |
| r-oldrel-windows-x86_64 | 0.1.2 | 10.00 | 83.00 | 93.00 | OK | 
Version: 0.1.2
Check: CRAN incoming feasibility
Result: NOTE
  Maintainer: ‘Hannah Franziska Löchel <loechelh@mathematik.uni-marburg.de>’
  
  No Authors@R field in DESCRIPTION.
  Please add one, modifying
    Authors@R: c(person(given = "Dominik",
                        family = "Eger",
                        role = "aut"),
                 person(given = c("Hannah", "Franziska"),
                        family = "Löchel",
                        role = c("aut", "cre"),
                        email = "loechelh@mathematik.uni-marburg.de"))
  as necessary.
Flavors: r-devel-linux-x86_64-debian-clang, r-devel-linux-x86_64-debian-gcc