Last updated on 2025-11-04 05:51:14 CET.
| Flavor | Version | Tinstall | Tcheck | Ttotal | Status | Flags | 
|---|---|---|---|---|---|---|
| r-devel-linux-x86_64-debian-clang | 0.3.3 | 7.25 | 82.20 | 89.45 | NOTE | |
| r-devel-linux-x86_64-debian-gcc | 0.3.3 | 5.14 | 59.63 | 64.77 | NOTE | |
| r-devel-linux-x86_64-fedora-clang | 0.3.3 | 38.00 | 95.11 | 133.11 | OK | |
| r-devel-linux-x86_64-fedora-gcc | 0.3.3 | 14.00 | 118.03 | 132.03 | OK | |
| r-devel-windows-x86_64 | 0.3.3 | 9.00 | 126.00 | 135.00 | OK | |
| r-patched-linux-x86_64 | 0.3.3 | 6.92 | 77.24 | 84.16 | OK | |
| r-release-linux-x86_64 | 0.3.3 | 6.52 | 76.84 | 83.36 | OK | |
| r-release-macos-arm64 | 0.3.3 | 4.00 | 59.00 | 63.00 | OK | |
| r-release-macos-x86_64 | 0.3.3 | 6.00 | 85.00 | 91.00 | OK | |
| r-release-windows-x86_64 | 0.3.3 | 8.00 | 125.00 | 133.00 | OK | |
| r-oldrel-macos-arm64 | 0.3.3 | 3.00 | 46.00 | 49.00 | NOTE | |
| r-oldrel-macos-x86_64 | 0.3.3 | 5.00 | 69.00 | 74.00 | NOTE | |
| r-oldrel-windows-x86_64 | 0.3.3 | 13.00 | 151.00 | 164.00 | NOTE | 
Version: 0.3.3
Check: CRAN incoming feasibility
Result: NOTE
  Maintainer: ‘Stephen H-T. Lihn <stevelihn@gmail.com>’
  
  Found the following URLs which should use \doi (with the DOI name only):
    File ‘jubilee-package.Rd’:
      http://dx.doi.org/10.2139/ssrn.3156574
    File ‘jubilee.ols.Rd’:
      http://dx.doi.org/10.2139/ssrn.3156574
    File ‘jubilee.predict.Rd’:
      http://dx.doi.org/10.2139/ssrn.3156574
    File ‘tri.wave-class.Rd’:
      http://dx.doi.org/10.2139/ssrn.3156574
    File ‘triangle.Rd’:
      http://dx.doi.org/10.2139/ssrn.3156574
Flavors: r-devel-linux-x86_64-debian-clang, r-devel-linux-x86_64-debian-gcc
Version: 0.3.3
Check: LazyData
Result: NOTE
    'LazyData' is specified without a 'data' directory
Flavors: r-oldrel-macos-arm64, r-oldrel-macos-x86_64, r-oldrel-windows-x86_64