Last updated on 2025-11-04 05:51:14 CET.
| Flavor | Version | Tinstall | Tcheck | Ttotal | Status | Flags | 
|---|---|---|---|---|---|---|
| r-devel-linux-x86_64-debian-clang | 0.60-35 | 3.03 | 38.27 | 41.30 | NOTE | |
| r-devel-linux-x86_64-debian-gcc | 0.60-35 | 2.22 | 28.59 | 30.81 | NOTE | |
| r-devel-linux-x86_64-fedora-clang | 0.60-35 | 58.11 | OK | |||
| r-devel-linux-x86_64-fedora-gcc | 0.60-35 | 56.83 | OK | |||
| r-devel-windows-x86_64 | 0.60-35 | 3.00 | 57.00 | 60.00 | OK | |
| r-patched-linux-x86_64 | 0.60-35 | 3.03 | 36.16 | 39.19 | OK | |
| r-release-linux-x86_64 | 0.60-35 | 2.27 | 35.94 | 38.21 | OK | |
| r-release-macos-arm64 | 0.60-35 | 2.00 | 23.00 | 25.00 | OK | |
| r-release-macos-x86_64 | 0.60-35 | 2.00 | 42.00 | 44.00 | OK | |
| r-release-windows-x86_64 | 0.60-35 | 4.00 | 53.00 | 57.00 | OK | |
| r-oldrel-macos-arm64 | 0.60-35 | 2.00 | 21.00 | 23.00 | OK | |
| r-oldrel-macos-x86_64 | 0.60-35 | 2.00 | 30.00 | 32.00 | OK | |
| r-oldrel-windows-x86_64 | 0.60-35 | 5.00 | 65.00 | 70.00 | OK | 
Version: 0.60-35
Check: CRAN incoming feasibility
Result: NOTE
  Maintainer: ‘Daniel R. Miranda-Esquivel <dmiranda@uis.edu.co>’
  
  No Authors@R field in DESCRIPTION.
  Please add one, modifying
    Authors@R: person(given = c("Daniel", "R."),
                      family = "Miranda-Esquivel",
                      role = c("aut", "cre"),
                      email = "dmiranda@uis.edu.co")
  as necessary.
  
  Package CITATION file contains call(s) to old-style personList() or
  as.personList().  Please use c() on person objects instead.
  Package CITATION file contains call(s) to old-style citEntry().  Please
  use bibentry() instead.
Flavors: r-devel-linux-x86_64-debian-clang, r-devel-linux-x86_64-debian-gcc