Last updated on 2025-07-16 07:49:08 CEST.
Flavor | Version | Tinstall | Tcheck | Ttotal | Status | Flags |
---|---|---|---|---|---|---|
r-devel-linux-x86_64-debian-clang | 1.0.4 | 4.81 | 42.67 | 47.48 | OK | |
r-devel-linux-x86_64-debian-gcc | 1.0.4 | 3.28 | 33.49 | 36.77 | OK | |
r-devel-linux-x86_64-fedora-clang | 1.0.4 | 74.04 | OK | |||
r-devel-linux-x86_64-fedora-gcc | 1.0.4 | 82.60 | OK | |||
r-devel-windows-x86_64 | 1.0.4 | 7.00 | 65.00 | 72.00 | OK | |
r-patched-linux-x86_64 | 1.0.4 | 4.46 | 39.24 | 43.70 | OK | |
r-release-linux-x86_64 | 1.0.4 | 4.30 | 39.39 | 43.69 | OK | |
r-release-macos-arm64 | 1.0.4 | 49.00 | OK | |||
r-release-macos-x86_64 | 1.0.4 | 65.00 | OK | |||
r-release-windows-x86_64 | 1.0.4 | 7.00 | 77.00 | 84.00 | OK | |
r-oldrel-macos-arm64 | 1.0.4 | 36.00 | NOTE | |||
r-oldrel-macos-x86_64 | 1.0.4 | 89.00 | NOTE | |||
r-oldrel-windows-x86_64 | 1.0.4 | 8.00 | 75.00 | 83.00 | NOTE |
Version: 1.0.4
Check: package dependencies
Result: NOTE
Package suggested but not available for checking: ‘clonevol’
Flavors: r-oldrel-macos-arm64, r-oldrel-macos-x86_64, r-oldrel-windows-x86_64