CRAN Package Check Results for Package jellyfisher

Last updated on 2025-02-22 11:51:29 CET.

Flavor Version Tinstall Tcheck Ttotal Status Flags
r-devel-linux-x86_64-debian-clang 1.0.4 4.54 41.36 45.90 OK
r-devel-linux-x86_64-debian-gcc 1.0.4 3.29 30.53 33.82 OK
r-devel-linux-x86_64-fedora-clang 1.0.4 74.98 OK
r-devel-linux-x86_64-fedora-gcc 1.0.4 84.51 OK
r-devel-macos-arm64 1.0.4 34.00 OK
r-devel-macos-x86_64 1.0.4 65.00 OK
r-devel-windows-x86_64 1.0.4 7.00 65.00 72.00 OK
r-patched-linux-x86_64 1.0.4 4.29 39.13 43.42 NOTE
r-release-linux-x86_64 1.0.4 4.02 38.75 42.77 NOTE
r-release-macos-arm64 1.0.4 36.00 NOTE
r-release-macos-x86_64 1.0.4 89.00 NOTE
r-release-windows-x86_64 1.0.4 6.00 65.00 71.00 NOTE
r-oldrel-macos-x86_64 1.0.4 57.00 NOTE
r-oldrel-windows-x86_64 1.0.4 8.00 69.00 77.00 NOTE

Check Details

Version: 1.0.4
Check: package dependencies
Result: NOTE Package suggested but not available for checking: ‘clonevol’ Flavors: r-patched-linux-x86_64, r-release-linux-x86_64, r-release-macos-arm64, r-release-macos-x86_64, r-release-windows-x86_64, r-oldrel-macos-x86_64, r-oldrel-windows-x86_64

mirror server hosted at Truenetwork, Russian Federation.