CRAN Package Check Results for Package jcext

Last updated on 2025-11-03 17:49:53 CET.

Flavor Version Tinstall Tcheck Ttotal Status Flags
r-devel-linux-x86_64-debian-clang 0.1.1 7.14 80.75 87.89 NOTE
r-devel-linux-x86_64-debian-gcc 0.1.1 5.08 57.45 62.53 NOTE
r-devel-linux-x86_64-fedora-clang 0.1.1 18.00 117.46 135.46 OK
r-devel-linux-x86_64-fedora-gcc 0.1.1 18.00 108.62 126.62 OK
r-devel-windows-x86_64 0.1.1 9.00 87.00 96.00 OK
r-patched-linux-x86_64 0.1.1 6.96 76.97 83.93 OK
r-release-linux-x86_64 0.1.1 7.13 76.12 83.25 OK
r-release-macos-arm64 0.1.1 4.00 41.00 45.00 OK
r-release-macos-x86_64 0.1.1 6.00 65.00 71.00 OK
r-release-windows-x86_64 0.1.1 9.00 84.00 93.00 OK
r-oldrel-macos-arm64 0.1.1 3.00 35.00 38.00 OK
r-oldrel-macos-x86_64 0.1.1 8.00 53.00 61.00 OK
r-oldrel-windows-x86_64 0.1.1 13.00 111.00 124.00 OK

Check Details

Version: 0.1.1
Check: CRAN incoming feasibility
Result: NOTE Maintainer: ‘Noelia Otero <noeli1680@gmail.com>’ No Authors@R field in DESCRIPTION. Please add one, modifying Authors@R: person(given = "Noelia", family = "Otero", role = c("aut", "cre"), email = "noeli1680@gmail.com") as necessary. Flavors: r-devel-linux-x86_64-debian-clang, r-devel-linux-x86_64-debian-gcc

mirror server hosted at Truenetwork, Russian Federation.