Last updated on 2025-11-03 23:50:21 CET.
| Flavor | Version | Tinstall | Tcheck | Ttotal | Status | Flags | 
|---|---|---|---|---|---|---|
| r-devel-linux-x86_64-debian-clang | 1.1.6 | 203.60 | 53.49 | 257.09 | OK | |
| r-devel-linux-x86_64-debian-gcc | 1.1.6 | 147.27 | 40.01 | 187.28 | OK | |
| r-devel-linux-x86_64-fedora-clang | 1.1.6 | 366.00 | 136.37 | 502.37 | OK | |
| r-devel-linux-x86_64-fedora-gcc | 1.1.6 | 227.00 | 233.37 | 460.37 | OK | |
| r-devel-windows-x86_64 | 1.1.6 | 233.00 | 6.00 | 239.00 | ERROR | |
| r-patched-linux-x86_64 | 1.1.6 | 216.02 | 49.14 | 265.16 | OK | |
| r-release-linux-x86_64 | 1.1.6 | 220.73 | 49.15 | 269.88 | OK | |
| r-release-macos-arm64 | 1.1.6 | 69.00 | 33.00 | 102.00 | OK | |
| r-release-macos-x86_64 | 1.1.6 | 105.00 | 109.00 | 214.00 | OK | |
| r-release-windows-x86_64 | 1.1.6 | 212.00 | 5.00 | 217.00 | ERROR | |
| r-oldrel-macos-arm64 | 1.1.6 | 88.00 | 146.00 | 234.00 | NOTE | |
| r-oldrel-macos-x86_64 | 1.1.6 | 149.00 | 143.00 | 292.00 | NOTE | |
| r-oldrel-windows-x86_64 | 1.1.6 | 294.00 | 211.00 | 505.00 | NOTE | 
Version: 1.1.6
Check: whether package can be installed
Result: ERROR
  Installation failed.
Flavors: r-devel-windows-x86_64, r-release-windows-x86_64
Version: 1.1.6
Check: installed package size
Result: NOTE
    installed size is 20.0Mb
    sub-directories of 1Mb or more:
      art_profiles   1.5Mb
      libs          17.6Mb
Flavors: r-oldrel-macos-arm64, r-oldrel-macos-x86_64, r-oldrel-windows-x86_64
Version: 1.1.6
Check: for GNU extensions in Makefiles
Result: NOTE
  GNU make is a SystemRequirements.
Flavors: r-oldrel-macos-arm64, r-oldrel-macos-x86_64, r-oldrel-windows-x86_64