Last updated on 2025-11-03 23:50:21 CET.
| Flavor | Version | Tinstall | Tcheck | Ttotal | Status | Flags | 
|---|---|---|---|---|---|---|
| r-devel-linux-x86_64-debian-clang | 6.1.0 | 216.89 | 302.36 | 519.25 | OK | |
| r-devel-linux-x86_64-debian-gcc | 6.1.0 | 165.12 | 190.88 | 356.00 | OK | |
| r-devel-linux-x86_64-fedora-clang | 6.1.0 | 780.00 | 115.11 | 895.11 | OK | |
| r-devel-linux-x86_64-fedora-gcc | 6.1.0 | 524.00 | 305.76 | 829.76 | OK | |
| r-devel-windows-x86_64 | 6.1.0 | 215.00 | 332.00 | 547.00 | OK | |
| r-patched-linux-x86_64 | 6.1.0 | 212.29 | 284.17 | 496.46 | OK | |
| r-release-linux-x86_64 | 6.1.0 | 220.77 | 279.91 | 500.68 | OK | |
| r-release-macos-arm64 | 6.1.0 | 120.00 | 126.00 | 246.00 | OK | |
| r-release-macos-x86_64 | 6.1.0 | 97.00 | 231.00 | 328.00 | OK | |
| r-release-windows-x86_64 | 6.1.0 | 217.00 | 340.00 | 557.00 | OK | |
| r-oldrel-macos-arm64 | 6.1.0 | 94.00 | 104.00 | 198.00 | NOTE | |
| r-oldrel-macos-x86_64 | 6.1.0 | 126.00 | 261.00 | 387.00 | NOTE | |
| r-oldrel-windows-x86_64 | 6.1.0 | 273.00 | 465.00 | 738.00 | OK | 
Version: 6.1.0
Check: installed package size
Result: NOTE
    installed size is 35.7Mb
    sub-directories of 1Mb or more:
      libs  35.2Mb
Flavors: r-oldrel-macos-arm64, r-oldrel-macos-x86_64