Last updated on 2025-11-04 05:51:14 CET.
| Flavor | Version | Tinstall | Tcheck | Ttotal | Status | Flags | 
|---|---|---|---|---|---|---|
| r-devel-linux-x86_64-debian-clang | 0.1.0 | 1.41 | 24.06 | 25.47 | NOTE | |
| r-devel-linux-x86_64-debian-gcc | 0.1.0 | 1.21 | 19.77 | 20.98 | NOTE | |
| r-devel-linux-x86_64-fedora-clang | 0.1.0 | 39.00 | OK | |||
| r-devel-linux-x86_64-fedora-gcc | 0.1.0 | 49.28 | OK | |||
| r-devel-windows-x86_64 | 0.1.0 | 2.00 | 48.00 | 50.00 | OK | |
| r-patched-linux-x86_64 | 0.1.0 | 1.63 | 22.98 | 24.61 | OK | |
| r-release-linux-x86_64 | 0.1.0 | 1.48 | 22.90 | 24.38 | OK | |
| r-release-macos-arm64 | 0.1.0 | 1.00 | 23.00 | 24.00 | OK | |
| r-release-macos-x86_64 | 0.1.0 | 1.00 | 46.00 | 47.00 | OK | |
| r-release-windows-x86_64 | 0.1.0 | 3.00 | 46.00 | 49.00 | OK | |
| r-oldrel-macos-arm64 | 0.1.0 | 1.00 | 23.00 | 24.00 | OK | |
| r-oldrel-macos-x86_64 | 0.1.0 | 1.00 | 32.00 | 33.00 | OK | |
| r-oldrel-windows-x86_64 | 0.1.0 | 3.00 | 53.00 | 56.00 | OK | 
Version: 0.1.0
Check: CRAN incoming feasibility
Result: NOTE
  Maintainer: ‘Navid Ahmadinejad <navidfr@asu.edu>’
  
  The Description field contains
    <arXiv:2109.01306>.
  Please refer to arXiv e-prints via their arXiv DOI <doi:10.48550/arXiv.YYMM.NNNNN>.
Flavors: r-devel-linux-x86_64-debian-clang, r-devel-linux-x86_64-debian-gcc