CRAN Package Check Results for Package ivtools

Last updated on 2025-11-04 11:52:33 CET.

Flavor Version Tinstall Tcheck Ttotal Status Flags
r-devel-linux-x86_64-debian-clang 2.3.0 19.75 70.11 89.86 NOTE
r-devel-linux-x86_64-debian-gcc 2.3.0 12.86 51.16 64.02 NOTE
r-devel-linux-x86_64-fedora-clang 2.3.0 65.00 72.68 137.68 OK
r-devel-linux-x86_64-fedora-gcc 2.3.0 43.00 83.26 126.26 OK
r-devel-windows-x86_64 2.3.0 23.00 95.00 118.00 OK
r-patched-linux-x86_64 2.3.0 19.28 66.62 85.90 OK
r-release-linux-x86_64 2.3.0 16.87 65.86 82.73 OK
r-release-macos-arm64 2.3.0 10.00 34.00 44.00 OK
r-release-macos-x86_64 2.3.0 15.00 91.00 106.00 OK
r-release-windows-x86_64 2.3.0 20.00 95.00 115.00 OK
r-oldrel-macos-arm64 2.3.0 9.00 32.00 41.00 OK
r-oldrel-macos-x86_64 2.3.0 11.00 51.00 62.00 OK
r-oldrel-windows-x86_64 2.3.0 28.00 117.00 145.00 OK

Check Details

Version: 2.3.0
Check: CRAN incoming feasibility
Result: NOTE Maintainer: ‘Arvid Sjolander <arvid.sjolander@ki.se>’ No Authors@R field in DESCRIPTION. Please add one, modifying Authors@R: c(person(given = "Arvid", family = "Sjolander", role = c("aut", "cre"), email = "arvid.sjolander@ki.se"), person(given = "Elisabeth", family = "Dahlqwist", role = "aut"), person(given = "Torben", family = "Martinussen", role = "aut")) as necessary. Flavors: r-devel-linux-x86_64-debian-clang, r-devel-linux-x86_64-debian-gcc

mirror server hosted at Truenetwork, Russian Federation.