Last updated on 2025-11-03 23:50:21 CET.
| Flavor | Version | Tinstall | Tcheck | Ttotal | Status | Flags | 
|---|---|---|---|---|---|---|
| r-devel-linux-x86_64-debian-clang | 0.7.0 | 6.26 | 76.73 | 82.99 | OK | |
| r-devel-linux-x86_64-debian-gcc | 0.7.0 | 4.37 | 52.37 | 56.74 | OK | |
| r-devel-linux-x86_64-fedora-clang | 0.7.0 | 17.00 | 108.06 | 125.06 | OK | |
| r-devel-linux-x86_64-fedora-gcc | 0.7.0 | 12.00 | 115.21 | 127.21 | OK | |
| r-devel-windows-x86_64 | 0.7.0 | 7.00 | 85.00 | 92.00 | OK | |
| r-patched-linux-x86_64 | 0.7.0 | 5.60 | 71.20 | 76.80 | OK | |
| r-release-linux-x86_64 | 0.7.0 | 5.41 | 71.53 | 76.94 | OK | |
| r-release-macos-arm64 | 0.7.0 | 2.00 | 47.00 | 49.00 | OK | |
| r-release-macos-x86_64 | 0.7.0 | 6.00 | 88.00 | 94.00 | OK | |
| r-release-windows-x86_64 | 0.7.0 | 8.00 | 83.00 | 91.00 | OK | |
| r-oldrel-macos-arm64 | 0.7.0 | 2.00 | 70.00 | 72.00 | OK | |
| r-oldrel-macos-x86_64 | 0.7.0 | 6.00 | 96.00 | 102.00 | OK | |
| r-oldrel-windows-x86_64 | 0.7.0 | 11.00 | 105.00 | 116.00 | ERROR | 
Version: 0.7.0
Check: re-building of vignette outputs
Result: ERROR
  Error(s) in re-building vignettes:
  --- re-building 'ivo_table.Rmd' using rmarkdown
  File man/figures/logo.png not found in resource path
  Error: processing vignette 'ivo_table.Rmd' failed with diagnostics:
  pandoc document conversion failed with error 99
  --- failed re-building 'ivo_table.Rmd'
  
  --- re-building 'ivo_table_gt.Rmd' using rmarkdown
  --- finished re-building 'ivo_table_gt.Rmd'
  
  SUMMARY: processing the following file failed:
    'ivo_table.Rmd'
  
  Error: Vignette re-building failed.
  Execution halted
Flavor: r-oldrel-windows-x86_64