Last updated on 2025-11-04 11:52:33 CET.
| Flavor | Version | Tinstall | Tcheck | Ttotal | Status | Flags | 
|---|---|---|---|---|---|---|
| r-devel-linux-x86_64-debian-clang | 0.0.0.1 | 2.03 | 21.60 | 23.63 | NOTE | |
| r-devel-linux-x86_64-debian-gcc | 0.0.0.1 | 1.51 | 17.79 | 19.30 | NOTE | |
| r-devel-linux-x86_64-fedora-clang | 0.0.0.1 | 35.87 | NOTE | |||
| r-devel-linux-x86_64-fedora-gcc | 0.0.0.1 | 32.75 | NOTE | |||
| r-devel-windows-x86_64 | 0.0.0.1 | 4.00 | 40.00 | 44.00 | NOTE | |
| r-patched-linux-x86_64 | 0.0.0.1 | 1.70 | 19.54 | 21.24 | NOTE | |
| r-release-linux-x86_64 | 0.0.0.1 | 1.69 | 19.12 | 20.81 | NOTE | |
| r-release-macos-arm64 | 0.0.0.1 | 2.00 | 18.00 | 20.00 | NOTE | |
| r-release-macos-x86_64 | 0.0.0.1 | 2.00 | 22.00 | 24.00 | NOTE | |
| r-release-windows-x86_64 | 0.0.0.1 | 4.00 | 38.00 | 42.00 | NOTE | |
| r-oldrel-macos-arm64 | 0.0.0.1 | 2.00 | 17.00 | 19.00 | NOTE | |
| r-oldrel-macos-x86_64 | 0.0.0.1 | 2.00 | 22.00 | 24.00 | NOTE | |
| r-oldrel-windows-x86_64 | 0.0.0.1 | 5.00 | 44.00 | 49.00 | NOTE | 
Version: 0.0.0.1
Check: DESCRIPTION meta-information
Result: NOTE
    Missing dependency on R >= 4.1.0 because package code uses the pipe
    |> or function shorthand \(...) syntax added in R 4.1.0.
    File(s) using such syntax:
      ‘get_conservation_status.R’ ‘get_vernacularname.R’
Flavors: r-devel-linux-x86_64-debian-clang, r-devel-linux-x86_64-debian-gcc, r-devel-linux-x86_64-fedora-clang, r-devel-linux-x86_64-fedora-gcc, r-devel-windows-x86_64, r-patched-linux-x86_64, r-release-linux-x86_64, r-release-macos-arm64, r-release-macos-x86_64, r-release-windows-x86_64
Version: 0.0.0.1
Check: package dependencies
Result: NOTE
  Package suggested but not available for checking: ‘iucnrdata’
Flavors: r-oldrel-macos-arm64, r-oldrel-macos-x86_64, r-oldrel-windows-x86_64