Last updated on 2025-11-04 05:51:14 CET.
| Flavor | Version | Tinstall | Tcheck | Ttotal | Status | Flags | 
|---|---|---|---|---|---|---|
| r-devel-linux-x86_64-debian-clang | 1.0 | 5.53 | 101.07 | 106.60 | NOTE | |
| r-devel-linux-x86_64-debian-gcc | 1.0 | 3.97 | 71.49 | 75.46 | NOTE | |
| r-devel-linux-x86_64-fedora-clang | 1.0 | 24.00 | 139.31 | 163.31 | NOTE | |
| r-devel-linux-x86_64-fedora-gcc | 1.0 | 11.00 | 157.12 | 168.12 | NOTE | |
| r-devel-windows-x86_64 | 1.0 | 6.00 | 126.00 | 132.00 | NOTE | |
| r-patched-linux-x86_64 | 1.0 | 6.28 | 96.63 | 102.91 | NOTE | |
| r-release-linux-x86_64 | 1.0 | 4.90 | 95.96 | 100.86 | NOTE | |
| r-release-macos-arm64 | 1.0 | 2.00 | 58.00 | 60.00 | NOTE | |
| r-release-macos-x86_64 | 1.0 | 4.00 | 101.00 | 105.00 | NOTE | |
| r-release-windows-x86_64 | 1.0 | 8.00 | 125.00 | 133.00 | NOTE | |
| r-oldrel-macos-arm64 | 1.0 | 3.00 | 58.00 | 61.00 | OK | |
| r-oldrel-macos-x86_64 | 1.0 | 4.00 | 98.00 | 102.00 | OK | |
| r-oldrel-windows-x86_64 | 1.0 | 8.00 | 162.00 | 170.00 | OK | 
Version: 1.0
Check: DESCRIPTION meta-information
Result: NOTE
    Missing dependency on R >= 4.1.0 because package code uses the pipe
    |> or function shorthand \(...) syntax added in R 4.1.0.
    File(s) using such syntax:
      ‘iRNGStream.R’ ‘r_to_py.iteror.Rd’
Flavors: r-devel-linux-x86_64-debian-clang, r-devel-linux-x86_64-debian-gcc, r-devel-linux-x86_64-fedora-clang, r-devel-linux-x86_64-fedora-gcc, r-devel-windows-x86_64, r-patched-linux-x86_64, r-release-linux-x86_64, r-release-macos-arm64, r-release-macos-x86_64, r-release-windows-x86_64