Last updated on 2025-02-22 05:51:38 CET.
Flavor | Version | Tinstall | Tcheck | Ttotal | Status | Flags |
---|---|---|---|---|---|---|
r-devel-linux-x86_64-debian-clang | 1.1.2 | 10.35 | 44.18 | 54.53 | NOTE | |
r-devel-linux-x86_64-debian-gcc | 1.1.2 | 7.90 | 35.22 | 43.12 | NOTE | |
r-devel-linux-x86_64-fedora-clang | 1.1.2 | 88.82 | NOTE | |||
r-devel-linux-x86_64-fedora-gcc | 1.1.2 | 84.65 | NOTE | |||
r-devel-macos-arm64 | 1.1.2 | 33.00 | OK | |||
r-devel-macos-x86_64 | 1.1.2 | 51.00 | NOTE | |||
r-devel-windows-x86_64 | 1.1.2 | 11.00 | 68.00 | 79.00 | NOTE | |
r-patched-linux-x86_64 | 1.1.2 | 11.15 | 44.00 | 55.15 | OK | |
r-release-linux-x86_64 | 1.1.2 | 10.10 | 41.84 | 51.94 | OK | |
r-release-macos-arm64 | 1.1.2 | 33.00 | NOTE | |||
r-release-macos-x86_64 | 1.1.2 | 50.00 | NOTE | |||
r-release-windows-x86_64 | 1.1.2 | 14.00 | 67.00 | 81.00 | NOTE | |
r-oldrel-macos-arm64 | 1.1.2 | 46.00 | NOTE | |||
r-oldrel-macos-x86_64 | 1.1.2 | 74.00 | NOTE | |||
r-oldrel-windows-x86_64 | 1.1.2 | 16.00 | 72.00 | 88.00 | NOTE |
Version: 1.1.2
Check: DESCRIPTION meta-information
Result: NOTE
Missing dependency on R >= 4.1.0 because package code uses the pipe
|> or function shorthand \(...) syntax added in R 4.1.0.
File(s) using such syntax:
‘bicycle_theft.R’ ‘car_fleet.R’ ‘crimes_against_life.R’
‘gun_seizure.R’ ‘gun_seizure_historical.R’ ‘monthly_stats.R’
‘monthly_stats_dictionary.R’ ‘population.R’ ‘spatial_info.R’
‘upp_data.R’ ‘yearly_stats.R’ ‘yearly_stats_dictionary.R’
Flavors: r-devel-linux-x86_64-debian-clang, r-devel-linux-x86_64-debian-gcc, r-devel-linux-x86_64-fedora-clang, r-devel-linux-x86_64-fedora-gcc, r-devel-macos-x86_64, r-devel-windows-x86_64
Version: 1.1.2
Check: dependencies in R code
Result: NOTE
Namespace in Imports field not imported from: ‘curl’
All declared Imports should be used.
Flavors: r-devel-linux-x86_64-fedora-clang, r-devel-linux-x86_64-fedora-gcc
Version: 1.1.2
Check: installed package size
Result: NOTE
installed size is 6.3Mb
sub-directories of 1Mb or more:
data 6.1Mb
Flavors: r-release-macos-arm64, r-release-macos-x86_64, r-release-windows-x86_64, r-oldrel-macos-arm64, r-oldrel-macos-x86_64, r-oldrel-windows-x86_64