Last updated on 2025-11-04 05:51:14 CET.
| Flavor | Version | Tinstall | Tcheck | Ttotal | Status | Flags | 
|---|---|---|---|---|---|---|
| r-devel-linux-x86_64-debian-clang | 1.0 | 6.42 | 57.02 | 63.44 | NOTE | |
| r-devel-linux-x86_64-debian-gcc | 1.0 | 5.28 | 42.91 | 48.19 | NOTE | |
| r-devel-linux-x86_64-fedora-clang | 1.0 | 30.00 | 68.61 | 98.61 | OK | |
| r-devel-linux-x86_64-fedora-gcc | 1.0 | 14.00 | 71.75 | 85.75 | OK | |
| r-devel-windows-x86_64 | 1.0 | 7.00 | 64.00 | 71.00 | OK | |
| r-patched-linux-x86_64 | 1.0 | 6.71 | 54.11 | 60.82 | OK | |
| r-release-linux-x86_64 | 1.0 | 6.10 | 54.39 | 60.49 | OK | |
| r-release-macos-arm64 | 1.0 | 4.00 | 28.00 | 32.00 | OK | |
| r-release-macos-x86_64 | 1.0 | 6.00 | 48.00 | 54.00 | OK | |
| r-release-windows-x86_64 | 1.0 | 9.00 | 63.00 | 72.00 | OK | |
| r-oldrel-macos-arm64 | 1.0 | 3.00 | 29.00 | 32.00 | OK | |
| r-oldrel-macos-x86_64 | 1.0 | 5.00 | 39.00 | 44.00 | OK | |
| r-oldrel-windows-x86_64 | 1.0 | 9.00 | 80.00 | 89.00 | OK | 
Version: 1.0
Check: CRAN incoming feasibility
Result: NOTE
  Maintainer: ‘Mary Meyer <meyer@stat.colostate.edu>’
  
  No Authors@R field in DESCRIPTION.
  Please add one, modifying
    Authors@R: c(person(given = c("Mary", "C"),
                        family = "Meyer",
                        role = "aut"),
                 person(given = "Jiwen",
                        family = "Wu",
                        role = "aut"),
                 person(given = c("Jean", "D."),
                        family = "Opsomer",
                        role = "aut"),
                 person(given = "Mary",
                        family = "Meyer",
                        role = "cre",
                        email = "meyer@stat.colostate.edu"))
  as necessary.
Flavors: r-devel-linux-x86_64-debian-clang, r-devel-linux-x86_64-debian-gcc