Last updated on 2025-11-03 23:50:21 CET.
| Flavor | Version | Tinstall | Tcheck | Ttotal | Status | Flags | 
|---|---|---|---|---|---|---|
| r-devel-linux-x86_64-debian-clang | 2.0.0 | 23.94 | 35.70 | 59.64 | OK | |
| r-devel-linux-x86_64-debian-gcc | 2.0.0 | 16.38 | 27.23 | 43.61 | OK | |
| r-devel-linux-x86_64-fedora-clang | 2.0.0 | 105.00 | -7.24 | 97.76 | OK | |
| r-devel-linux-x86_64-fedora-gcc | 2.0.0 | 67.00 | 40.61 | 107.61 | OK | |
| r-devel-windows-x86_64 | 2.0.0 | 26.00 | 72.00 | 98.00 | OK | |
| r-patched-linux-x86_64 | 2.0.0 | 22.06 | 34.65 | 56.71 | OK | |
| r-release-linux-x86_64 | 2.0.0 | 23.83 | 34.71 | 58.54 | OK | |
| r-release-macos-arm64 | 2.0.0 | 9.00 | 27.00 | 36.00 | OK | |
| r-release-macos-x86_64 | 2.0.0 | 27.00 | 71.00 | 98.00 | OK | |
| r-release-windows-x86_64 | 2.0.0 | 25.00 | 73.00 | 98.00 | OK | |
| r-oldrel-macos-arm64 | 2.0.0 | 9.00 | 31.00 | 40.00 | NOTE | |
| r-oldrel-macos-x86_64 | 2.0.0 | 32.00 | 73.00 | 105.00 | NOTE | |
| r-oldrel-windows-x86_64 | 2.0.0 | 29.00 | 91.00 | 120.00 | OK | 
Version: 2.0.0
Check: installed package size
Result: NOTE
    installed size is  7.4Mb
    sub-directories of 1Mb or more:
      libs   6.8Mb
Flavors: r-oldrel-macos-arm64, r-oldrel-macos-x86_64