Last updated on 2025-11-04 05:51:14 CET.
| Flavor | Version | Tinstall | Tcheck | Ttotal | Status | Flags | 
|---|---|---|---|---|---|---|
| r-devel-linux-x86_64-debian-clang | 0.7.4 | 57.53 | 99.49 | 157.02 | OK | |
| r-devel-linux-x86_64-debian-gcc | 0.7.4 | 46.11 | 76.04 | 122.15 | OK | |
| r-devel-linux-x86_64-fedora-clang | 0.7.4 | 236.00 | 51.78 | 287.78 | OK | |
| r-devel-linux-x86_64-fedora-gcc | 0.7.4 | 116.00 | 140.38 | 256.38 | OK | |
| r-devel-windows-x86_64 | 0.7.4 | 71.00 | 123.00 | 194.00 | OK | |
| r-patched-linux-x86_64 | 0.7.4 | 66.74 | 100.78 | 167.52 | OK | |
| r-release-linux-x86_64 | 0.7.4 | 64.25 | 99.22 | 163.47 | OK | |
| r-release-macos-arm64 | 0.7.4 | 32.00 | 60.00 | 92.00 | OK | |
| r-release-macos-x86_64 | 0.7.4 | 27.00 | 76.00 | 103.00 | OK | |
| r-release-windows-x86_64 | 0.7.4 | 70.00 | 122.00 | 192.00 | OK | |
| r-oldrel-macos-arm64 | 0.7.4 | 28.00 | 43.00 | 71.00 | NOTE | |
| r-oldrel-macos-x86_64 | 0.7.4 | 26.00 | 67.00 | 93.00 | NOTE | |
| r-oldrel-windows-x86_64 | 0.7.4 | 85.00 | 161.00 | 246.00 | OK | 
Version: 0.7.4
Check: installed package size
Result: NOTE
    installed size is 13.5Mb
    sub-directories of 1Mb or more:
      libs  12.2Mb
Flavors: r-oldrel-macos-arm64, r-oldrel-macos-x86_64