Last updated on 2025-05-26 00:48:34 CEST.
Flavor | Version | Tinstall | Tcheck | Ttotal | Status | Flags |
---|---|---|---|---|---|---|
r-devel-linux-x86_64-debian-clang | 1.0.2 | 81.29 | 65.31 | 146.60 | OK | |
r-devel-linux-x86_64-debian-gcc | 1.0.2 | 64.52 | 47.92 | 112.44 | OK | |
r-devel-linux-x86_64-fedora-clang | 1.0.2 | 271.59 | OK | |||
r-devel-linux-x86_64-fedora-gcc | 1.0.2 | 346.80 | OK | |||
r-devel-windows-x86_64 | 1.0.2 | 113.00 | 110.00 | 223.00 | OK | |
r-patched-linux-x86_64 | 1.0.2 | 98.02 | 61.26 | 159.28 | OK | |
r-release-linux-x86_64 | 1.0.2 | 90.01 | 61.35 | 151.36 | OK | |
r-release-macos-arm64 | 1.0.2 | 103.00 | OK | |||
r-release-macos-x86_64 | 1.0.2 | 173.00 | OK | |||
r-release-windows-x86_64 | 1.0.2 | 112.00 | 107.00 | 219.00 | OK | |
r-oldrel-macos-arm64 | 1.0.2 | 90.00 | NOTE | |||
r-oldrel-macos-x86_64 | 1.0.2 | 104.00 | NOTE | |||
r-oldrel-windows-x86_64 | 1.0.2 | 130.00 | 128.00 | 258.00 | OK |
Version: 1.0.2
Check: installed package size
Result: NOTE
installed size is 6.9Mb
sub-directories of 1Mb or more:
libs 6.4Mb
Flavors: r-oldrel-macos-arm64, r-oldrel-macos-x86_64